CRAN Package Check Results for Package AtmChile

Last updated on 2021-12-09 11:51:22 CET.

Flavor Version Tinstall Tcheck Ttotal Status Flags
r-devel-linux-x86_64-debian-clang 0.2.0 4.72 48.60 53.32 OK
r-devel-linux-x86_64-debian-gcc 0.2.0 3.80 36.23 40.03 OK
r-devel-linux-x86_64-fedora-clang 0.2.0 66.15 NOTE
r-devel-linux-x86_64-fedora-gcc 0.2.0 56.16 NOTE
r-devel-windows-x86_64-new-UL 0.2.0 12.00 93.00 105.00 OK
r-devel-windows-x86_64-new-TK 0.2.0 NOTE
r-devel-windows-x86_64-old 0.2.0 9.00 72.00 81.00 OK
r-patched-linux-x86_64 0.2.0 5.00 44.24 49.24 OK
r-release-linux-x86_64 0.2.0 4.08 44.88 48.96 OK
r-release-macos-arm64 0.2.0 NOTE
r-release-macos-x86_64 0.2.0 NOTE
r-release-windows-ix86+x86_64 0.2.0 9.00 78.00 87.00 OK
r-oldrel-macos-x86_64 0.2.0 NOTE
r-oldrel-windows-ix86+x86_64 0.2.0 13.00 78.00 91.00 OK

Check Details

Version: 0.2.0
Check: dependencies in R code
Result: NOTE
    Namespaces in Imports field not imported from:
     ‘DT’ ‘lubridate’ ‘openair’ ‘plotly’
     All declared Imports should be used.
Flavors: r-devel-linux-x86_64-fedora-clang, r-devel-linux-x86_64-fedora-gcc, r-devel-windows-x86_64-new-TK, r-release-macos-arm64, r-release-macos-x86_64, r-oldrel-macos-x86_64