CRAN Package Check Results for Package Aoptbdtvc

Last updated on 2021-09-20 16:50:16 CEST.

Flavor Version Tinstall Tcheck Ttotal Status Flags
r-devel-linux-x86_64-debian-clang 0.0.2 2.59 27.74 30.33 OK
r-devel-linux-x86_64-debian-gcc 0.0.2 2.80 21.20 24.00 OK
r-devel-linux-x86_64-fedora-clang 0.0.2 45.33 OK
r-devel-linux-x86_64-fedora-gcc 0.0.2 35.07 OK
r-devel-windows-x86_64 0.0.2 5.00 33.00 38.00 OK
r-devel-windows-x86_64-gcc10-UCRT 0.0.2 ERROR
r-patched-linux-x86_64 0.0.2 3.18 27.00 30.18 OK
r-patched-solaris-x86 0.0.2 51.60 OK
r-release-linux-x86_64 0.0.2 3.31 26.70 30.01 OK
r-release-macos-arm64 0.0.2 OK
r-release-macos-x86_64 0.0.2 OK
r-release-windows-ix86+x86_64 0.0.2 7.00 47.00 54.00 OK
r-oldrel-macos-x86_64 0.0.2 OK
r-oldrel-windows-ix86+x86_64 0.0.2 7.00 32.00 39.00 OK

Check Details

Version: 0.0.2
Check: whether package can be installed
Result: WARN
    Found the following significant warnings:
     WARNING: installation-time patches will not be applied, could not get the patches index
Flavor: r-devel-windows-x86_64-gcc10-UCRT

Version: 0.0.2
Check: PDF version of manual
Result: WARN
    LaTeX errors when creating PDF version.
    This typically indicates Rd problems.
Flavor: r-devel-windows-x86_64-gcc10-UCRT

Version: 0.0.2
Check: PDF version of manual without hyperrefs or index
Result: ERROR
    Re-running with no redirection of stdout/stderr.
Flavor: r-devel-windows-x86_64-gcc10-UCRT