CRAN Package Check Results for Package AnnoProbe

Last updated on 2021-12-06 11:51:47 CET.

Flavor Version Tinstall Tcheck Ttotal Status Flags
r-devel-linux-x86_64-debian-clang 0.1.6 16.18 74.09 90.27 OK
r-devel-linux-x86_64-debian-gcc 0.1.6 13.54 63.24 76.78 OK
r-devel-linux-x86_64-fedora-clang 0.1.6 122.77 OK
r-devel-linux-x86_64-fedora-gcc 0.1.6 117.10 OK
r-devel-windows-x86_64-new-UL 0.1.6 30.00 115.00 145.00 OK
r-devel-windows-x86_64-new-TK 0.1.6 OK
r-devel-windows-x86_64-old 0.1.6 20.00 76.00 96.00 OK
r-patched-linux-x86_64 0.1.6 14.26 70.88 85.14 OK
r-release-linux-x86_64 0.1.6 14.90 79.51 94.41 OK
r-release-macos-arm64 0.1.6 NOTE
r-release-macos-x86_64 0.1.6 OK
r-release-windows-ix86+x86_64 0.1.6 28.00 97.00 125.00 OK
r-oldrel-macos-x86_64 0.1.6 OK
r-oldrel-windows-ix86+x86_64 0.1.6 32.00 97.00 129.00 OK

Check Details

Version: 0.1.6
Check: package dependencies
Result: NOTE
    Package suggested but not available for checking: ‘GEOquery’
Flavor: r-release-macos-arm64