CRAN Package Check Results for Package AdapSamp

Last updated on 2021-06-17 09:51:36 CEST.

Flavor Version Tinstall Tcheck Ttotal Status Flags
r-devel-linux-x86_64-debian-clang 1.1.1 2.66 32.53 35.19 NOTE
r-devel-linux-x86_64-debian-gcc 1.1.1 1.70 24.46 26.16 NOTE
r-devel-linux-x86_64-fedora-clang 1.1.1 50.86 NOTE
r-devel-linux-x86_64-fedora-gcc 1.1.1 40.61 NOTE
r-devel-windows-x86_64 1.1.1 5.00 45.00 50.00 NOTE
r-devel-windows-x86_64-gcc10-UCRT 1.1.1 NOTE
r-patched-linux-x86_64 1.1.1 2.60 31.59 34.19 NOTE
r-patched-solaris-x86 1.1.1 57.40 NOTE
r-release-linux-x86_64 1.1.1 3.04 31.64 34.68 NOTE
r-release-macos-arm64 1.1.1 NOTE
r-release-macos-x86_64 1.1.1 NOTE
r-release-windows-ix86+x86_64 1.1.1 6.00 37.00 43.00 NOTE
r-oldrel-macos-x86_64 1.1.1 OK
r-oldrel-windows-ix86+x86_64 1.1.1 5.00 46.00 51.00 OK

Check Details

Version: 1.1.1
Check: LazyData
Result: NOTE
     'LazyData' is specified without a 'data' directory
Flavors: r-devel-linux-x86_64-debian-clang, r-devel-linux-x86_64-debian-gcc, r-devel-linux-x86_64-fedora-clang, r-devel-linux-x86_64-fedora-gcc, r-devel-windows-x86_64, r-devel-windows-x86_64-gcc10-UCRT, r-patched-linux-x86_64, r-patched-solaris-x86, r-release-linux-x86_64, r-release-macos-arm64, r-release-macos-x86_64, r-release-windows-ix86+x86_64