CRAN Package Check Results for Package AWR.Athena

Last updated on 2021-12-07 23:54:21 CET.

Flavor Version Tinstall Tcheck Ttotal Status Flags
r-devel-linux-x86_64-debian-clang 2.0.7-0 4.58 39.11 43.69 NOTE
r-devel-linux-x86_64-debian-gcc 2.0.7-0 4.12 37.05 41.17 NOTE
r-devel-linux-x86_64-fedora-clang 2.0.7-0 64.49 NOTE
r-devel-linux-x86_64-fedora-gcc 2.0.7-0 58.14 NOTE
r-devel-windows-x86_64-new-UL 2.0.7-0 13.00 76.00 89.00 NOTE
r-devel-windows-x86_64-new-TK 2.0.7-0 NOTE
r-devel-windows-x86_64-old 2.0.7-0 12.00 60.00 72.00 NOTE
r-patched-linux-x86_64 2.0.7-0 4.22 48.09 52.31 NOTE
r-release-linux-x86_64 2.0.7-0 5.80 46.06 51.86 NOTE
r-release-macos-arm64 2.0.7-0 NOTE
r-release-macos-x86_64 2.0.7-0 NOTE
r-release-windows-ix86+x86_64 2.0.7-0 13.00 63.00 76.00 NOTE
r-oldrel-macos-x86_64 2.0.7-0 NOTE
r-oldrel-windows-ix86+x86_64 2.0.7-0 17.00 59.00 76.00 NOTE

Check Details

Version: 2.0.7-0
Check: LazyData
Result: NOTE
     'LazyData' is specified without a 'data' directory
Flavors: r-devel-linux-x86_64-debian-clang, r-devel-linux-x86_64-debian-gcc, r-devel-linux-x86_64-fedora-clang, r-devel-linux-x86_64-fedora-gcc, r-devel-windows-x86_64-new-UL, r-devel-windows-x86_64-new-TK, r-devel-windows-x86_64-old, r-patched-linux-x86_64, r-release-linux-x86_64, r-release-macos-arm64, r-release-macos-x86_64, r-release-windows-ix86+x86_64

Version: 2.0.7-0
Check: installed package size
Result: NOTE
     installed size is 7.9Mb
     sub-directories of 1Mb or more:
     java 7.8Mb
Flavors: r-devel-linux-x86_64-fedora-clang, r-devel-windows-x86_64-new-UL, r-devel-windows-x86_64-old, r-release-macos-arm64, r-release-macos-x86_64, r-release-windows-ix86+x86_64, r-oldrel-macos-x86_64, r-oldrel-windows-ix86+x86_64