CRAN Package Check Results for Package AWAPer

Last updated on 2021-09-21 04:54:53 CEST.

Flavor Version Tinstall Tcheck Ttotal Status Flags
r-devel-linux-x86_64-debian-clang 0.1.46 4.73 36.23 40.96 OK
r-devel-linux-x86_64-debian-gcc 0.1.46 3.35 27.76 31.11 OK
r-devel-linux-x86_64-fedora-clang 0.1.46 56.62 OK
r-devel-linux-x86_64-fedora-gcc 0.1.46 46.07 OK
r-devel-windows-x86_64 0.1.46 5.00 44.00 49.00 OK
r-devel-windows-x86_64-gcc10-UCRT 0.1.46 ERROR
r-patched-linux-x86_64 0.1.46 4.49 35.84 40.33 OK
r-patched-solaris-x86 0.1.46 69.50 OK
r-release-linux-x86_64 0.1.46 3.56 35.95 39.51 OK
r-release-macos-arm64 0.1.46 OK
r-release-macos-x86_64 0.1.46 OK
r-release-windows-ix86+x86_64 0.1.46 8.00 59.00 67.00 OK
r-oldrel-macos-x86_64 0.1.46 OK
r-oldrel-windows-ix86+x86_64 0.1.46 8.00 56.00 64.00 OK

Additional issues

donttest

Check Details

Version: 0.1.46
Check: whether package can be installed
Result: WARN
    Found the following significant warnings:
     WARNING: installation-time patches will not be applied, could not get the patches index
Flavor: r-devel-windows-x86_64-gcc10-UCRT

Version: 0.1.46
Check: PDF version of manual
Result: WARN
    LaTeX errors when creating PDF version.
    This typically indicates Rd problems.
Flavor: r-devel-windows-x86_64-gcc10-UCRT

Version: 0.1.46
Check: PDF version of manual without hyperrefs or index
Result: ERROR
    Re-running with no redirection of stdout/stderr.
Flavor: r-devel-windows-x86_64-gcc10-UCRT