CRAN Package Check Results for Package ATAforecasting

Last updated on 2021-12-06 23:50:39 CET.

Flavor Version Tinstall Tcheck Ttotal Status Flags
r-devel-linux-x86_64-debian-clang 0.0.55 61.81 212.96 274.77 OK
r-devel-linux-x86_64-debian-gcc 0.0.55 45.71 165.87 211.58 OK
r-devel-linux-x86_64-fedora-clang 0.0.55 356.31 OK
r-devel-linux-x86_64-fedora-gcc 0.0.55 355.77 OK
r-devel-windows-x86_64-new-UL 0.0.55 85.00 281.00 366.00 OK
r-devel-windows-x86_64-new-TK 0.0.55 OK
r-devel-windows-x86_64-old 0.0.55 80.00 209.00 289.00 OK
r-patched-linux-x86_64 0.0.55 61.63 208.32 269.95 OK
r-release-linux-x86_64 0.0.55 52.32 211.87 264.19 OK
r-release-macos-arm64 0.0.55 OK
r-release-macos-x86_64 0.0.55 OK
r-release-windows-ix86+x86_64 0.0.55 140.00 340.00 480.00 OK
r-oldrel-macos-x86_64 0.0.54 WARN
r-oldrel-windows-ix86+x86_64 0.0.54 100.00 225.00 325.00 OK

Check Details

Version: 0.0.54
Check: Rd files
Result: WARN
    prepare_Rd: undefined subclass "numericVector" of class "Mnumeric"; definition not updated
Flavor: r-oldrel-macos-x86_64