CRAN Package Check Results for Package ASPBay

Last updated on 2022-01-28 00:48:47 CET.

Flavor Version Tinstall Tcheck Ttotal Status Flags
r-devel-linux-x86_64-debian-clang 1.2 28.29 87.95 116.24 NOTE
r-devel-linux-x86_64-debian-gcc 1.2 23.11 65.97 89.08 NOTE
r-devel-linux-x86_64-fedora-clang 1.2 158.04 NOTE
r-devel-linux-x86_64-fedora-gcc 1.2 144.74 NOTE
r-devel-windows-x86_64-new-UL 1.2 40.00 151.00 191.00 NOTE
r-devel-windows-x86_64-new-TK 1.2 NOTE
r-patched-linux-x86_64 1.2 31.01 85.29 116.30 NOTE
r-release-linux-x86_64 1.2 26.81 83.75 110.56 NOTE
r-release-macos-arm64 1.2 NOTE
r-release-macos-x86_64 1.2 NOTE
r-release-windows-ix86+x86_64 1.2 84.00 139.00 223.00 NOTE
r-oldrel-macos-x86_64 1.2 NOTE
r-oldrel-windows-ix86+x86_64 1.2 84.00 139.00 223.00 NOTE

Check Details

Version: 1.2
Check: R code for possible problems
Result: NOTE
    ASP.Score: no visible global function definition for 'pnorm'
    Graphs.Bayesian: no visible global function definition for 'dev.new'
    colorhex: no visible global function definition for 'gray'
    colorhex: no visible global function definition for 'rgb'
    Undefined global functions or variables:
     dev.new gray pnorm rgb
    Consider adding
     importFrom("grDevices", "dev.new", "gray", "rgb")
     importFrom("stats", "pnorm")
    to your NAMESPACE file.
Flavors: r-devel-linux-x86_64-debian-clang, r-devel-linux-x86_64-debian-gcc, r-devel-linux-x86_64-fedora-clang, r-devel-linux-x86_64-fedora-gcc, r-devel-windows-x86_64-new-UL, r-devel-windows-x86_64-new-TK, r-patched-linux-x86_64, r-release-linux-x86_64, r-release-macos-arm64, r-release-macos-x86_64, r-release-windows-ix86+x86_64, r-oldrel-macos-x86_64, r-oldrel-windows-ix86+x86_64

Version: 1.2
Check: compiled code
Result: NOTE
    File ‘ASPBay/libs/ASPBay.so’:
     Found no calls to: ‘R_registerRoutines’, ‘R_useDynamicSymbols’
    
    It is good practice to register native routines and to disable symbol
    search.
    
    See ‘Writing portable packages’ in the ‘Writing R Extensions’ manual.
Flavors: r-devel-linux-x86_64-fedora-clang, r-devel-linux-x86_64-fedora-gcc