CRAN Package Check Results for Package AEDForecasting

Last updated on 2021-12-03 11:51:41 CET.

Flavor Version Tinstall Tcheck Ttotal Status Flags
r-devel-linux-x86_64-debian-clang 0.20.0 2.55 25.73 28.28 NOTE
r-devel-linux-x86_64-debian-gcc 0.20.0 1.91 19.21 21.12 NOTE
r-devel-linux-x86_64-fedora-clang 0.20.0 46.34 NOTE
r-devel-linux-x86_64-fedora-gcc 0.20.0 37.52 NOTE
r-devel-windows-x86_64-new-UL 0.20.0 7.00 59.00 66.00 NOTE
r-devel-windows-x86_64-new-TK 0.20.0 NOTE
r-devel-windows-x86_64-old 0.20.0 4.00 37.00 41.00 NOTE
r-patched-linux-x86_64 0.20.0 2.35 23.35 25.70 NOTE
r-patched-solaris-x86 0.20.0 50.50 NOTE
r-release-linux-x86_64 0.20.0 2.37 24.74 27.11 NOTE
r-release-macos-arm64 0.20.0 NOTE
r-release-macos-x86_64 0.20.0 NOTE
r-release-windows-ix86+x86_64 0.20.0 6.00 44.00 50.00 NOTE
r-oldrel-macos-x86_64 0.20.0 OK
r-oldrel-windows-ix86+x86_64 0.20.0 5.00 47.00 52.00 OK

Check Details

Version: 0.20.0
Check: LazyData
Result: NOTE
     'LazyData' is specified without a 'data' directory
Flavors: r-devel-linux-x86_64-debian-clang, r-devel-linux-x86_64-debian-gcc, r-devel-linux-x86_64-fedora-clang, r-devel-linux-x86_64-fedora-gcc, r-devel-windows-x86_64-new-UL, r-devel-windows-x86_64-new-TK, r-devel-windows-x86_64-old, r-patched-linux-x86_64, r-patched-solaris-x86, r-release-linux-x86_64, r-release-macos-arm64, r-release-macos-x86_64, r-release-windows-ix86+x86_64