CRAN Package Check Results for Package ADCT

Last updated on 2022-08-12 21:52:55 CEST.

Flavor Version Tinstall Tcheck Ttotal Status Flags
r-devel-linux-x86_64-debian-clang 0.1.0 1.73 30.44 32.17 NOTE
r-devel-linux-x86_64-debian-gcc 0.1.0 1.66 22.68 24.34 NOTE
r-devel-linux-x86_64-fedora-clang 0.1.0 49.79 NOTE
r-devel-linux-x86_64-fedora-gcc 0.1.0 48.13 NOTE
r-devel-windows-x86_64 0.1.0 9.00 55.00 64.00 NOTE
r-patched-linux-x86_64 0.1.0 1.90 28.34 30.24 NOTE
r-release-linux-x86_64 0.1.0 2.25 29.36 31.61 NOTE
r-release-macos-arm64 0.1.0 18.00 NOTE
r-release-macos-x86_64 0.1.0 24.00 NOTE
r-release-windows-x86_64 0.1.0 8.00 53.00 61.00 NOTE
r-oldrel-macos-arm64 0.1.0 22.00 NOTE
r-oldrel-macos-x86_64 0.1.0 29.00 NOTE
r-oldrel-windows-ix86+x86_64 0.1.0 5.00 47.00 52.00 NOTE

Check Details

Version: 0.1.0
Check: LazyData
Result: NOTE
     'LazyData' is specified without a 'data' directory
Flavors: r-devel-linux-x86_64-debian-clang, r-devel-linux-x86_64-debian-gcc, r-devel-linux-x86_64-fedora-clang, r-devel-linux-x86_64-fedora-gcc, r-devel-windows-x86_64, r-patched-linux-x86_64, r-release-linux-x86_64, r-release-macos-arm64, r-release-macos-x86_64, r-release-windows-x86_64, r-oldrel-macos-arm64, r-oldrel-macos-x86_64, r-oldrel-windows-ix86+x86_64