CRAN Package Check Results for Package ACEt

Last updated on 2022-01-23 00:57:04 CET.

Flavor Version Tinstall Tcheck Ttotal Status Flags
r-devel-linux-x86_64-debian-clang 1.8.1 79.50 55.73 135.23 OK
r-devel-linux-x86_64-debian-gcc 1.8.1 59.21 41.61 100.82 OK
r-devel-linux-x86_64-fedora-clang 1.8.1 208.90 NOTE
r-devel-linux-x86_64-fedora-gcc 1.8.1 181.96 OK
r-devel-windows-x86_64-new-UL 1.8.1 90.00 96.00 186.00 OK
r-devel-windows-x86_64-new-TK 1.8.1 OK
r-patched-linux-x86_64 1.8.1 72.76 54.78 127.54 OK
r-release-linux-x86_64 1.8.1 68.05 54.55 122.60 OK
r-release-macos-arm64 1.8.1 NOTE
r-release-macos-x86_64 1.8.1 NOTE
r-release-windows-ix86+x86_64 1.8.1 187.00 94.00 281.00 OK
r-oldrel-macos-x86_64 1.8.1 NOTE
r-oldrel-windows-ix86+x86_64 1.8.1 186.00 89.00 275.00 OK

Check Details

Version: 1.8.1
Check: installed package size
Result: NOTE
     installed size is 5.5Mb
     sub-directories of 1Mb or more:
     libs 5.2Mb
Flavors: r-devel-linux-x86_64-fedora-clang, r-release-macos-arm64, r-release-macos-x86_64, r-oldrel-macos-x86_64