CRAN Package Check Results for Package zoocat

Last updated on 2019-06-20 05:48:50 CEST.

Flavor Version Tinstall Tcheck Ttotal Status Flags
r-devel-linux-x86_64-debian-clang 0.2.0.1 4.13 42.16 46.29 NOTE
r-devel-linux-x86_64-debian-gcc 0.2.0.1 3.81 34.27 38.08 NOTE
r-devel-linux-x86_64-fedora-clang 0.2.0.1 55.55 NOTE
r-devel-linux-x86_64-fedora-gcc 0.2.0.1 54.46 NOTE
r-devel-windows-ix86+x86_64 0.2.0.1 14.00 80.00 94.00 NOTE
r-patched-linux-x86_64 0.2.0.1 4.74 41.76 46.50 NOTE
r-patched-solaris-x86 0.2.0.1 99.80 NOTE
r-release-linux-x86_64 0.2.0.1 4.46 42.63 47.09 NOTE
r-release-windows-ix86+x86_64 0.2.0.1 12.00 76.00 88.00 NOTE
r-release-osx-x86_64 0.2.0.1 NOTE
r-oldrel-windows-ix86+x86_64 0.2.0.1 6.00 73.00 79.00 NOTE
r-oldrel-osx-x86_64 0.2.0.1 NOTE

Check Details

Version: 0.2.0.1
Check: Rd \usage sections
Result: NOTE
    S3 methods shown with full name in documentation object 'merge':
     'cbind.zoocat'
    
    The \usage entries for S3 methods should use the \method markup and not
    their full name.
    See chapter 'Writing R documentation files' in the 'Writing R
    Extensions' manual.
Flavors: r-devel-linux-x86_64-debian-clang, r-devel-linux-x86_64-debian-gcc, r-devel-linux-x86_64-fedora-clang, r-devel-linux-x86_64-fedora-gcc, r-devel-windows-ix86+x86_64, r-patched-linux-x86_64, r-patched-solaris-x86, r-release-linux-x86_64, r-release-windows-ix86+x86_64, r-release-osx-x86_64, r-oldrel-windows-ix86+x86_64, r-oldrel-osx-x86_64

Version: 0.2.0.1
Check: package vignettes
Result: NOTE
    Package vignette with placeholder title ‘Vignette Title’:
     ‘my-vignette.Rmd’
Flavor: r-devel-linux-x86_64-debian-gcc