CRAN Package Check Results for Package yakmoR

Last updated on 2019-08-18 19:52:14 CEST.

Flavor Version Tinstall Tcheck Ttotal Status Flags
r-devel-linux-x86_64-debian-clang 0.1.1 17.73 25.81 43.54 OK
r-devel-linux-x86_64-debian-gcc 0.1.1 15.58 21.17 36.75 OK
r-devel-linux-x86_64-fedora-clang 0.1.1 61.92 NOTE
r-devel-linux-x86_64-fedora-gcc 0.1.1 59.43 NOTE
r-devel-windows-ix86+x86_64 0.1.1 56.00 125.00 181.00 OK
r-patched-linux-x86_64 0.1.1 16.51 25.71 42.22 OK
r-patched-solaris-x86 0.1.1 76.70 WARN
r-release-linux-x86_64 0.1.1 18.22 25.78 44.00 OK
r-release-windows-ix86+x86_64 0.1.1 39.00 59.00 98.00 OK
r-release-osx-x86_64 0.1.1 OK
r-oldrel-windows-ix86+x86_64 0.1.1 49.00 76.00 125.00 OK
r-oldrel-osx-x86_64 0.1.1 OK

Check Details

Version: 0.1.1
Check: compiled code
Result: NOTE
    File ‘yakmoR/libs/yakmoR.so’:
     Found no calls to: ‘R_registerRoutines’, ‘R_useDynamicSymbols’
    
    It is good practice to register native routines and to disable symbol
    search.
    
    See ‘Writing portable packages’ in the ‘Writing R Extensions’ manual.
Flavors: r-devel-linux-x86_64-fedora-clang, r-devel-linux-x86_64-fedora-gcc

Version: 0.1.1
Check: whether package can be installed
Result: WARN
    Found the following significant warnings:
     yakmo.h:184:1: warning: ISO C++ forbids converting a string constant to ‘char*’ [-Wwrite-strings]
Flavor: r-patched-solaris-x86