CRAN Package Check Results for Package yakmoR

Last updated on 2020-07-04 19:47:56 CEST.

Flavor Version Tinstall Tcheck Ttotal Status Flags
r-devel-linux-x86_64-debian-clang 0.1.1 25.28 28.40 53.68 OK
r-devel-linux-x86_64-debian-gcc 0.1.1 17.77 22.59 40.36 OK
r-devel-linux-x86_64-fedora-clang 0.1.1 77.96 NOTE
r-devel-linux-x86_64-fedora-gcc 0.1.1 66.22 NOTE
r-devel-windows-ix86+x86_64 0.1.1 62.00 64.00 126.00 OK
r-patched-linux-x86_64 0.1.1 18.32 28.04 46.36 OK
r-patched-solaris-x86 0.1.1 77.90 WARN
r-release-linux-x86_64 0.1.1 18.27 28.00 46.27 OK
r-release-osx-x86_64 0.1.1 OK
r-release-windows-ix86+x86_64 0.1.1 45.00 69.00 114.00 OK
r-oldrel-osx-x86_64 0.1.1 OK
r-oldrel-windows-ix86+x86_64 0.1.1 45.00 83.00 128.00 OK

Check Details

Version: 0.1.1
Check: compiled code
Result: NOTE
    File ‘yakmoR/libs/yakmoR.so’:
     Found no calls to: ‘R_registerRoutines’, ‘R_useDynamicSymbols’
    
    It is good practice to register native routines and to disable symbol
    search.
    
    See ‘Writing portable packages’ in the ‘Writing R Extensions’ manual.
Flavors: r-devel-linux-x86_64-fedora-clang, r-devel-linux-x86_64-fedora-gcc

Version: 0.1.1
Check: whether package can be installed
Result: WARN
    Found the following significant warnings:
     yakmo.h:184:1: warning: ISO C++ forbids converting a string constant to ‘char*’ [-Wwrite-strings]
Flavor: r-patched-solaris-x86