CRAN Package Check Results for Package xgb2sql

Last updated on 2019-06-24 19:50:25 CEST.

Flavor Version Tinstall Tcheck Ttotal Status Flags
r-devel-linux-x86_64-debian-clang 0.1.2 2.32 37.80 40.12 NOTE
r-devel-linux-x86_64-debian-gcc 0.1.2 1.82 29.01 30.83 NOTE
r-devel-linux-x86_64-fedora-clang 0.1.2 47.58 NOTE
r-devel-linux-x86_64-fedora-gcc 0.1.2 44.67 NOTE
r-devel-windows-ix86+x86_64 0.1.2 9.00 49.00 58.00 OK
r-patched-linux-x86_64 0.1.2 2.18 35.81 37.99 OK
r-patched-solaris-x86 0.1.2 4.00 ERROR
r-release-linux-x86_64 0.1.2 2.13 35.84 37.97 OK
r-release-windows-ix86+x86_64 0.1.2 5.00 64.00 69.00 OK
r-release-osx-x86_64 0.1.2 OK
r-oldrel-windows-ix86+x86_64 0.1.2 3.00 51.00 54.00 OK
r-oldrel-osx-x86_64 0.1.2 OK

Check Details

Version: 0.1.2
Check: for non-standard things in the check directory
Result: NOTE
    Found the following files/directories:
     'xgb.txt'
Flavors: r-devel-linux-x86_64-debian-clang, r-devel-linux-x86_64-debian-gcc, r-devel-linux-x86_64-fedora-clang, r-devel-linux-x86_64-fedora-gcc

Version: 0.1.2
Check: package dependencies
Result: ERROR
    Package required but not available: ‘xgboost’
    
    See section ‘The DESCRIPTION file’ in the ‘Writing R Extensions’
    manual.
Flavor: r-patched-solaris-x86