CRAN Package Check Results for Package xgb2sql

Last updated on 2019-09-22 07:48:31 CEST.

Flavor Version Tinstall Tcheck Ttotal Status Flags
r-devel-linux-x86_64-debian-clang 0.1.2 2.61 36.42 39.03 NOTE
r-devel-linux-x86_64-debian-gcc 0.1.2 2.11 28.17 30.28 NOTE
r-devel-linux-x86_64-fedora-clang 0.1.2 47.72 NOTE
r-devel-linux-x86_64-fedora-gcc 0.1.2 45.27 NOTE
r-devel-windows-ix86+x86_64 0.1.2 8.00 45.00 53.00 OK
r-patched-linux-x86_64 0.1.2 1.99 34.37 36.36 OK
r-patched-solaris-x86 0.1.2 73.20 OK
r-release-linux-x86_64 0.1.2 1.99 34.68 36.67 OK
r-release-windows-ix86+x86_64 0.1.2 5.00 70.00 75.00 OK
r-release-osx-x86_64 0.1.2 OK
r-oldrel-windows-ix86+x86_64 0.1.2 2.00 42.00 44.00 OK
r-oldrel-osx-x86_64 0.1.2 OK

Check Details

Version: 0.1.2
Check: for non-standard things in the check directory
Result: NOTE
    Found the following files/directories:
     'xgb.txt'
Flavors: r-devel-linux-x86_64-debian-clang, r-devel-linux-x86_64-debian-gcc, r-devel-linux-x86_64-fedora-clang, r-devel-linux-x86_64-fedora-gcc