CRAN Package Check Results for Package webreadr

Last updated on 2019-06-17 19:47:28 CEST.

Flavor Version Tinstall Tcheck Ttotal Status Flags
r-devel-linux-x86_64-debian-clang 0.4.0 16.77 31.30 48.07 OK
r-devel-linux-x86_64-debian-gcc 0.4.0 14.45 25.30 39.75 OK
r-devel-linux-x86_64-fedora-clang 0.4.0 65.94 NOTE
r-devel-linux-x86_64-fedora-gcc 0.4.0 62.18 NOTE
r-devel-windows-ix86+x86_64 0.4.0 58.00 69.00 127.00 OK
r-patched-linux-x86_64 0.4.0 19.13 31.15 50.28 OK
r-patched-solaris-x86 0.4.0 84.80 NOTE
r-release-linux-x86_64 0.4.0 15.93 30.81 46.74 OK
r-release-windows-ix86+x86_64 0.4.0 39.00 98.00 137.00 OK
r-release-osx-x86_64 0.4.0 OK
r-oldrel-windows-ix86+x86_64 0.4.0 29.00 88.00 117.00 OK
r-oldrel-osx-x86_64 0.4.0 OK

Check Details

Version: 0.4.0
Check: compiled code
Result: NOTE
    File ‘webreadr/libs/webreadr.so’:
     Found no calls to: ‘R_registerRoutines’, ‘R_useDynamicSymbols’
    
    It is good practice to register native routines and to disable symbol
    search.
    
    See ‘Writing portable packages’ in the ‘Writing R Extensions’ manual.
Flavors: r-devel-linux-x86_64-fedora-clang, r-devel-linux-x86_64-fedora-gcc

Version: 0.4.0
Check: package dependencies
Result: NOTE
    Package suggested but not available for checking: ‘iptools’
Flavor: r-patched-solaris-x86