CRAN Package Check Results for Package wand

Last updated on 2019-06-26 07:49:35 CEST.

Flavor Version Tinstall Tcheck Ttotal Status Flags
r-devel-linux-x86_64-debian-clang 0.2.0 16.65 34.23 50.88 OK
r-devel-linux-x86_64-debian-gcc 0.2.0 15.84 27.26 43.10 OK
r-devel-linux-x86_64-fedora-clang 0.2.0 68.30 NOTE
r-devel-linux-x86_64-fedora-gcc 0.2.0 68.46 NOTE
r-devel-windows-ix86+x86_64 0.2.0 59.00 79.00 138.00 ERROR
r-patched-linux-x86_64 0.2.0 16.56 33.05 49.61 OK
r-patched-solaris-x86 0.2.0 4.10 ERROR
r-release-linux-x86_64 0.2.0 19.78 33.62 53.40 OK
r-release-windows-ix86+x86_64 0.2.0 35.00 111.00 146.00 ERROR
r-release-osx-x86_64 0.2.0 ERROR
r-oldrel-windows-ix86+x86_64 0.2.0 30.00 71.00 101.00 OK
r-oldrel-osx-x86_64 0.2.0 ERROR

Check Details

Version: 0.2.0
Check: compiled code
Result: NOTE
    File ‘wand/libs/wand.so’:
     Found no calls to: ‘R_registerRoutines’, ‘R_useDynamicSymbols’
    
    It is good practice to register native routines and to disable symbol
    search.
    
    See ‘Writing portable packages’ in the ‘Writing R Extensions’ manual.
Flavors: r-devel-linux-x86_64-fedora-clang, r-devel-linux-x86_64-fedora-gcc

Version: 0.2.0
Check: running tests for arch ‘i386’
Result: ERROR
     Running 'test-all.R' [2s]
    Running the tests in 'tests/test-all.R' failed.
    Complete output:
     > library(testthat)
     > test_check("wand")
     Loading required package: wand
     -- 1. Error: we can do something (@test-wand.R#4) -----------------------------
     Value of SET_STRING_ELT() must be a 'CHARSXP' not a 'list'
     1: incant(list.files(system.file("extdata", "img", package = "wand"), full.names = TRUE),
     magic_wand_file()) at testthat/test-wand.R:4
     2: normalizePath(magic_wand_file())
    
     == testthat results ===========================================================
     OK: 0 SKIPPED: 0 WARNINGS: 2 FAILED: 1
     1. Error: we can do something (@test-wand.R#4)
    
     Error: testthat unit tests failed
     Execution halted
Flavor: r-devel-windows-ix86+x86_64

Version: 0.2.0
Check: running tests for arch ‘x64’
Result: ERROR
     Running 'test-all.R' [2s]
    Running the tests in 'tests/test-all.R' failed.
    Complete output:
     > library(testthat)
     > test_check("wand")
     Loading required package: wand
     -- 1. Error: we can do something (@test-wand.R#4) -----------------------------
     Value of SET_STRING_ELT() must be a 'CHARSXP' not a 'list'
     1: incant(list.files(system.file("extdata", "img", package = "wand"), full.names = TRUE),
     magic_wand_file()) at testthat/test-wand.R:4
     2: normalizePath(magic_wand_file())
    
     == testthat results ===========================================================
     OK: 0 SKIPPED: 0 WARNINGS: 2 FAILED: 1
     1. Error: we can do something (@test-wand.R#4)
    
     Error: testthat unit tests failed
     Execution halted
Flavors: r-devel-windows-ix86+x86_64, r-release-windows-ix86+x86_64

Version: 0.2.0
Check: whether package can be installed
Result: ERROR
    Installation failed.
Flavors: r-patched-solaris-x86, r-release-osx-x86_64, r-oldrel-osx-x86_64

Version: 0.2.0
Check: running tests for arch ‘i386’
Result: ERROR
     Running 'test-all.R' [3s]
    Running the tests in 'tests/test-all.R' failed.
    Complete output:
     > library(testthat)
     > test_check("wand")
     Loading required package: wand
     -- 1. Error: we can do something (@test-wand.R#4) -----------------------------
     Value of SET_STRING_ELT() must be a 'CHARSXP' not a 'integer'
     1: incant(list.files(system.file("extdata", "img", package = "wand"), full.names = TRUE),
     magic_wand_file()) at testthat/test-wand.R:4
     2: normalizePath(magic_wand_file())
    
     == testthat results ===========================================================
     OK: 0 SKIPPED: 0 WARNINGS: 2 FAILED: 1
     1. Error: we can do something (@test-wand.R#4)
    
     Error: testthat unit tests failed
     Execution halted
Flavor: r-release-windows-ix86+x86_64