CRAN Package Check Results for Package vmsbase

Last updated on 2019-09-22 19:51:34 CEST.

Flavor Version Tinstall Tcheck Ttotal Status Flags
r-devel-linux-x86_64-debian-clang 2.2.0 41.42 192.25 233.67 OK
r-devel-linux-x86_64-debian-gcc 2.2.0 32.62 152.78 185.40 OK
r-devel-linux-x86_64-fedora-clang 2.2.0 331.89 OK
r-devel-linux-x86_64-fedora-gcc 2.2.0 236.60 OK
r-devel-windows-ix86+x86_64 2.2.0 170.00 5.00 175.00 ERROR
r-patched-linux-x86_64 2.2.0 50.21 201.12 251.33 OK
r-patched-solaris-x86 2.2.0 423.00 OK
r-release-linux-x86_64 2.2.0 50.79 201.85 252.64 OK
r-release-windows-ix86+x86_64 2.2.0 87.00 280.00 367.00 OK
r-release-osx-x86_64 2.2.0 OK
r-oldrel-windows-ix86+x86_64 2.2.0 44.00 188.00 232.00 OK
r-oldrel-osx-x86_64 2.2.0 OK

Check Details

Version: 2.2.0
Check: whether package can be installed
Result: ERROR
    Installation failed.
Flavor: r-devel-windows-ix86+x86_64