CRAN Package Check Results for Package viridisLite

Last updated on 2019-06-25 19:50:04 CEST.

Flavor Version Tinstall Tcheck Ttotal Status Flags
r-devel-linux-x86_64-debian-clang 0.3.0 1.38 19.59 20.97 OK
r-devel-linux-x86_64-debian-gcc 0.3.0 1.02 16.05 17.07 OK
r-devel-linux-x86_64-fedora-clang 0.3.0 25.29 OK
r-devel-linux-x86_64-fedora-gcc 0.3.0 25.16 OK
r-devel-windows-ix86+x86_64 0.3.0 6.00 31.00 37.00 OK
r-patched-linux-x86_64 0.3.0 1.26 19.45 20.71 OK
r-patched-solaris-x86 0.3.0 41.30 OK
r-release-linux-x86_64 0.3.0 1.39 19.32 20.71 OK
r-release-windows-ix86+x86_64 0.3.0 4.00 43.00 47.00 OK
r-release-osx-x86_64 0.3.0 OK
r-oldrel-windows-ix86+x86_64 0.3.0 2.00 32.00 34.00 OK
r-oldrel-osx-x86_64 0.3.0 ERROR

Check Details

Version: 0.3.0
Check: examples
Result: ERROR
    Running examples in ‘viridisLite-Ex.R’ failed
    The error most likely occurred in:
    
    > ### Name: viridis
    > ### Title: Matplotlib 'viridis' and 'cividis' color map
    > ### Aliases: viridis viridisMap magma inferno plasma cividis
    >
    > ### ** Examples
    >
    > library(ggplot2)
    Warning: S3 methods ‘.DollarNames.C++Object’, ‘.DollarNames.Module’, ‘print.bytes’, ‘format.Rcpp_stack_trace’, ‘str.Rcpp_stack_trace’, ‘print.Rcpp_stack_trace’ were declared in NAMESPACE but not found
    Error: package or namespace load failed for ‘ggplot2’ in library.dynam(lib, package, package.lib):
     shared object ‘Rcpp.so’ not found
    Execution halted
Flavor: r-oldrel-osx-x86_64