Last updated on 2021-04-21 04:49:18 CEST.
Flavor | Version | Tinstall | Tcheck | Ttotal | Status | Flags |
---|---|---|---|---|---|---|
r-devel-linux-x86_64-debian-clang | 0.1.6 | 28.36 | 188.70 | 217.06 | OK | |
r-devel-linux-x86_64-debian-gcc | 0.1.6 | 24.64 | 146.21 | 170.85 | OK | |
r-devel-linux-x86_64-fedora-clang | 0.1.6 | 270.53 | NOTE | |||
r-devel-linux-x86_64-fedora-gcc | 0.1.6 | 256.68 | NOTE | |||
r-devel-windows-ix86+x86_64 | 0.1.6 | 45.00 | 166.00 | 211.00 | OK | |
r-devel-windows-x86_64-gcc10-UCRT | 0.1.6 | NOTE | ||||
r-patched-linux-x86_64 | 0.1.6 | 33.22 | 176.00 | 209.22 | WARN | |
r-patched-solaris-x86 | 0.1.6 | 5.50 | ERROR | |||
r-release-linux-x86_64 | 0.1.6 | 29.38 | 172.49 | 201.87 | OK | |
r-release-macos-x86_64 | 0.1.6 | NOTE | ||||
r-release-windows-ix86+x86_64 | 0.1.6 | 59.00 | 221.00 | 280.00 | OK | |
r-oldrel-macos-x86_64 | 0.1.6 | NOTE | ||||
r-oldrel-windows-ix86+x86_64 | 0.1.6 | 53.00 | 205.00 | 258.00 | OK |
Version: 0.1.6
Check: Rd cross-references
Result: NOTE
Undeclared package ‘stringdist’ in Rd xrefs
Flavor: r-devel-linux-x86_64-fedora-clang
Version: 0.1.6
Check: data for non-ASCII characters
Result: NOTE
Note: found 128 marked UTF-8 strings
Flavors: r-devel-linux-x86_64-fedora-clang, r-devel-linux-x86_64-fedora-gcc, r-devel-windows-x86_64-gcc10-UCRT, r-release-macos-x86_64, r-oldrel-macos-x86_64
Version: 0.1.6
Check: whether package can be installed
Result: WARN
Found the following significant warnings:
Rd warning: /tmp/RtmpZYvOLC/R.INSTALL65e5372215e8/vegtable/man/crosstable.Rd:56: file link ‘vegan’ in package ‘vegan’ does not exist and so has been treated as a topic
Rd warning: /tmp/RtmpZYvOLC/R.INSTALL65e5372215e8/vegtable/man/dune_veg-data.Rd:9: file link ‘vegan’ in package ‘vegan’ does not exist and so has been treated as a topic
Rd warning: /tmp/RtmpZYvOLC/R.INSTALL65e5372215e8/vegtable/man/dune_veg-data.Rd:23: file link ‘vegan’ in package ‘vegan’ does not exist and so has been treated as a topic
Rd warning: /tmp/RtmpZYvOLC/R.INSTALL65e5372215e8/vegtable/man/tv2vegtable.Rd:47: file link ‘tv.home’ in package ‘vegdata’ does not exist and so has been treated as a topic
Rd warning: /tmp/RtmpZYvOLC/R.INSTALL65e5372215e8/vegtable/man/tv2vegtable.Rd:87: file link ‘tv.home’ in package ‘vegdata’ does not exist and so has been treated as a topic
Rd warning: /tmp/RtmpZYvOLC/R.INSTALL65e5372215e8/vegtable/man/veg_relation.Rd:54: file link ‘vegtable’ in package ‘vegtable’ does not exist and so has been treated as a topic
Flavor: r-patched-linux-x86_64
Version: 0.1.6
Check: package dependencies
Result: ERROR
Package required but not available: ‘plotKML’
See section ‘The DESCRIPTION file’ in the ‘Writing R Extensions’
manual.
Flavor: r-patched-solaris-x86