CRAN Package Check Results for Package validatejsonr

Last updated on 2019-06-24 19:50:23 CEST.

Flavor Version Tinstall Tcheck Ttotal Status Flags
r-devel-linux-x86_64-debian-clang 1.0.4 20.63 24.88 45.51 NOTE
r-devel-linux-x86_64-debian-gcc 1.0.4 18.00 20.89 38.89 WARN
r-devel-linux-x86_64-fedora-clang 1.0.4 67.18 NOTE
r-devel-linux-x86_64-fedora-gcc 1.0.4 61.15 WARN
r-devel-windows-ix86+x86_64 1.0.4 63.00 64.00 127.00 OK
r-patched-linux-x86_64 1.0.4 20.73 24.70 45.43 WARN
r-patched-solaris-x86 1.0.4 75.90 OK
r-release-linux-x86_64 1.0.4 22.54 25.23 47.77 WARN
r-release-windows-ix86+x86_64 1.0.4 44.00 84.00 128.00 OK
r-release-osx-x86_64 1.0.4 OK
r-oldrel-windows-ix86+x86_64 1.0.4 37.00 56.00 93.00 OK
r-oldrel-osx-x86_64 1.0.4 OK

Check Details

Version: 1.0.4
Check: package vignettes
Result: NOTE
    Package vignette with placeholder title 'Vignette Title':
     'validatejsonr.Rmd'
Flavors: r-devel-linux-x86_64-debian-clang, r-devel-linux-x86_64-debian-gcc

Version: 1.0.4
Check: whether package can be installed
Result: WARN
    Found the following significant warnings:
     include/rapidjson/document.h:1952:24: warning: ‘void* memcpy(void*, const void*, size_t)’ writing to an object of type ‘rapidjson::GenericValue<rapidjson::UTF8<> >::Member’ {aka ‘struct rapidjson::GenericMember<rapidjson::UTF8<>, rapidjson::MemoryPoolAllocator<> >’} with no trivial copy-assignment; use copy-assignment instead [-Wclass-memaccess]
     include/rapidjson/document.h:1939:24: warning: ‘void* memcpy(void*, const void*, size_t)’ writing to an object of type ‘class rapidjson::GenericValue<rapidjson::UTF8<> >’ with no trivial copy-assignment; use copy-assignment or copy-initialization instead [-Wclass-memaccess]
     include/rapidjson/document.h:1952:24: warning: ‘void* memcpy(void*, const void*, size_t)’ writing to an object of type ‘rapidjson::GenericValue<rapidjson::UTF8<>, rapidjson::CrtAllocator>::Member’ {aka ‘struct rapidjson::GenericMember<rapidjson::UTF8<>, rapidjson::CrtAllocator>’} with no trivial copy-assignment; use copy-assignment instead [-Wclass-memaccess]
     include/rapidjson/document.h:1939:24: warning: ‘void* memcpy(void*, const void*, size_t)’ writing to an object of type ‘class rapidjson::GenericValue<rapidjson::UTF8<>, rapidjson::CrtAllocator>’ with no trivial copy-assignment; use copy-assignment or copy-initialization instead [-Wclass-memaccess]
Flavors: r-devel-linux-x86_64-debian-gcc, r-devel-linux-x86_64-fedora-gcc, r-patched-linux-x86_64, r-release-linux-x86_64

Version: 1.0.4
Check: compiled code
Result: NOTE
    File ‘validatejsonr/libs/validatejsonr.so’:
     Found no calls to: ‘R_registerRoutines’, ‘R_useDynamicSymbols’
    
    It is good practice to register native routines and to disable symbol
    search.
    
    See ‘Writing portable packages’ in the ‘Writing R Extensions’ manual.
Flavors: r-devel-linux-x86_64-fedora-clang, r-devel-linux-x86_64-fedora-gcc