CRAN Package Check Results for Package validatejsonr

Last updated on 2019-09-24 07:48:50 CEST.

Flavor Version Tinstall Tcheck Ttotal Status Flags
r-devel-linux-x86_64-debian-clang 1.0.4 22.27 24.50 46.77 NOTE
r-devel-linux-x86_64-debian-gcc 1.0.4 19.20 20.21 39.41 WARN
r-devel-linux-x86_64-fedora-clang 1.0.4 71.71 NOTE
r-devel-linux-x86_64-fedora-gcc 1.0.4 67.36 WARN
r-devel-windows-ix86+x86_64 1.0.4 64.00 61.00 125.00 NOTE
r-patched-linux-x86_64 1.0.4 20.24 23.89 44.13 WARN
r-patched-solaris-x86 1.0.4 72.30 OK
r-release-linux-x86_64 1.0.4 21.54 23.86 45.40 WARN
r-release-windows-ix86+x86_64 1.0.4 66.00 79.00 145.00 OK
r-release-osx-x86_64 1.0.4 OK
r-oldrel-windows-ix86+x86_64 1.0.4 42.00 56.00 98.00 OK
r-oldrel-osx-x86_64 1.0.4 OK

Check Details

Version: 1.0.4
Check: package vignettes
Result: NOTE
    Package vignette with placeholder title 'Vignette Title':
     'validatejsonr.Rmd'
Flavors: r-devel-linux-x86_64-debian-clang, r-devel-linux-x86_64-debian-gcc, r-devel-windows-ix86+x86_64

Version: 1.0.4
Check: whether package can be installed
Result: WARN
    Found the following significant warnings:
     include/rapidjson/document.h:1952:24: warning: ‘void* memcpy(void*, const void*, size_t)’ writing to an object of type ‘rapidjson::GenericValue<rapidjson::UTF8<> >::Member’ {aka ‘struct rapidjson::GenericMember<rapidjson::UTF8<>, rapidjson::MemoryPoolAllocator<> >’} with no trivial copy-assignment; use copy-assignment instead [-Wclass-memaccess]
     include/rapidjson/document.h:1939:24: warning: ‘void* memcpy(void*, const void*, size_t)’ writing to an object of type ‘class rapidjson::GenericValue<rapidjson::UTF8<> >’ with no trivial copy-assignment; use copy-assignment or copy-initialization instead [-Wclass-memaccess]
     include/rapidjson/document.h:1952:24: warning: ‘void* memcpy(void*, const void*, size_t)’ writing to an object of type ‘rapidjson::GenericValue<rapidjson::UTF8<>, rapidjson::CrtAllocator>::Member’ {aka ‘struct rapidjson::GenericMember<rapidjson::UTF8<>, rapidjson::CrtAllocator>’} with no trivial copy-assignment; use copy-assignment instead [-Wclass-memaccess]
     include/rapidjson/document.h:1939:24: warning: ‘void* memcpy(void*, const void*, size_t)’ writing to an object of type ‘class rapidjson::GenericValue<rapidjson::UTF8<>, rapidjson::CrtAllocator>’ with no trivial copy-assignment; use copy-assignment or copy-initialization instead [-Wclass-memaccess]
Flavors: r-devel-linux-x86_64-debian-gcc, r-devel-linux-x86_64-fedora-gcc, r-patched-linux-x86_64, r-release-linux-x86_64

Version: 1.0.4
Check: compiled code
Result: NOTE
    File ‘validatejsonr/libs/validatejsonr.so’:
     Found no calls to: ‘R_registerRoutines’, ‘R_useDynamicSymbols’
    
    It is good practice to register native routines and to disable symbol
    search.
    
    See ‘Writing portable packages’ in the ‘Writing R Extensions’ manual.
Flavors: r-devel-linux-x86_64-fedora-clang, r-devel-linux-x86_64-fedora-gcc