CRAN Package Check Results for Package udpipe

Last updated on 2019-08-18 19:52:13 CEST.

Flavor Version Tinstall Tcheck Ttotal Status Flags
r-devel-linux-x86_64-debian-clang 0.8.3 122.85 350.15 473.00 OK
r-devel-linux-x86_64-debian-gcc 0.8.3 118.22 295.84 414.06 OK
r-devel-linux-x86_64-fedora-clang 0.8.3 573.23 NOTE
r-devel-linux-x86_64-fedora-gcc 0.8.3 659.50 OK
r-devel-windows-ix86+x86_64 0.8.3 307.00 680.00 987.00 NOTE
r-patched-linux-x86_64 0.8.3 116.74 366.05 482.79 OK
r-patched-solaris-x86 0.8.3 757.70 NOTE
r-release-linux-x86_64 0.8.3 120.93 369.92 490.85 OK
r-release-windows-ix86+x86_64 0.8.3 242.00 449.00 691.00 NOTE
r-release-osx-x86_64 0.8.3 NOTE
r-oldrel-windows-ix86+x86_64 0.8.3 292.00 560.00 852.00 NOTE
r-oldrel-osx-x86_64 0.8.3 NOTE

Check Details

Version: 0.8.3
Check: installed package size
Result: NOTE
     installed size is 30.7Mb
     sub-directories of 1Mb or more:
     doc 6.9Mb
     dummydata 1.4Mb
     libs 21.0Mb
Flavors: r-devel-linux-x86_64-fedora-clang, r-devel-windows-ix86+x86_64, r-patched-solaris-x86, r-release-windows-ix86+x86_64, r-release-osx-x86_64, r-oldrel-windows-ix86+x86_64, r-oldrel-osx-x86_64