CRAN Package Check Results for Package udpipe

Last updated on 2020-07-04 19:47:54 CEST.

Flavor Version Tinstall Tcheck Ttotal Status Flags
r-devel-linux-x86_64-debian-clang 0.8.3 146.67 350.36 497.03 OK
r-devel-linux-x86_64-debian-gcc 0.8.3 129.30 311.22 440.52 OK
r-devel-linux-x86_64-fedora-clang 0.8.3 607.45 NOTE
r-devel-linux-x86_64-fedora-gcc 0.8.3 683.01 OK
r-devel-windows-ix86+x86_64 0.8.3 302.00 477.00 779.00 NOTE
r-patched-linux-x86_64 0.8.3 139.61 369.93 509.54 OK
r-patched-solaris-x86 0.8.3 758.40 NOTE
r-release-linux-x86_64 0.8.3 141.43 379.90 521.33 OK
r-release-osx-x86_64 0.8.3 NOTE
r-release-windows-ix86+x86_64 0.8.3 229.00 480.00 709.00 NOTE
r-oldrel-osx-x86_64 0.8.3 NOTE
r-oldrel-windows-ix86+x86_64 0.8.3 259.00 592.00 851.00 NOTE

Check Details

Version: 0.8.3
Check: installed package size
Result: NOTE
     installed size is 33.4Mb
     sub-directories of 1Mb or more:
     doc 6.9Mb
     dummydata 1.4Mb
     libs 23.7Mb
Flavors: r-devel-linux-x86_64-fedora-clang, r-devel-windows-ix86+x86_64, r-patched-solaris-x86, r-release-osx-x86_64, r-release-windows-ix86+x86_64, r-oldrel-osx-x86_64, r-oldrel-windows-ix86+x86_64