CRAN Package Check Results for Package udpipe

Last updated on 2019-06-17 07:49:14 CEST.

Flavor Version Tinstall Tcheck Ttotal Status Flags
r-devel-linux-x86_64-debian-clang 0.8.2 117.75 541.89 659.64 OK
r-devel-linux-x86_64-debian-gcc 0.8.2 110.50 518.13 628.63 OK
r-devel-linux-x86_64-fedora-clang 0.8.2 819.16 NOTE
r-devel-linux-x86_64-fedora-gcc 0.8.2 978.64 OK
r-devel-windows-ix86+x86_64 0.8.2 299.00 765.00 1064.00 NOTE
r-patched-linux-x86_64 0.8.2 125.74 685.25 810.99 OK
r-patched-solaris-x86 0.8.2 1224.90 NOTE
r-release-linux-x86_64 0.8.2 121.03 675.57 796.60 OK
r-release-windows-ix86+x86_64 0.8.2 230.00 821.00 1051.00 NOTE
r-release-osx-x86_64 0.8.2 NOTE
r-oldrel-windows-ix86+x86_64 0.8.2 218.00 791.00 1009.00 NOTE
r-oldrel-osx-x86_64 0.8.2 NOTE

Check Details

Version: 0.8.2
Check: installed package size
Result: NOTE
     installed size is 28.0Mb
     sub-directories of 1Mb or more:
     doc 5.1Mb
     dummydata 1.4Mb
     libs 20.2Mb
Flavors: r-devel-linux-x86_64-fedora-clang, r-devel-windows-ix86+x86_64, r-patched-solaris-x86, r-release-windows-ix86+x86_64, r-release-osx-x86_64, r-oldrel-windows-ix86+x86_64, r-oldrel-osx-x86_64