CRAN Package Check Results for Package tspmeta

Last updated on 2019-09-24 07:48:49 CEST.

Flavor Version Tinstall Tcheck Ttotal Status Flags
r-devel-linux-x86_64-debian-clang 1.2 13.89 106.58 120.47 OK
r-devel-linux-x86_64-debian-gcc 1.2 12.94 82.94 95.88 OK
r-devel-linux-x86_64-fedora-clang 1.2 147.55 NOTE
r-devel-linux-x86_64-fedora-gcc 1.2 141.02 NOTE
r-devel-windows-ix86+x86_64 1.2 57.00 155.00 212.00 OK
r-patched-linux-x86_64 1.2 11.31 100.21 111.52 OK
r-patched-solaris-x86 1.2 219.10 OK
r-release-linux-x86_64 1.2 13.01 101.40 114.41 OK
r-release-windows-ix86+x86_64 1.2 50.00 235.00 285.00 OK
r-release-osx-x86_64 1.2 OK
r-oldrel-windows-ix86+x86_64 1.2 20.00 152.00 172.00 OK
r-oldrel-osx-x86_64 1.2 OK

Check Details

Version: 1.2
Check: compiled code
Result: NOTE
    File ‘tspmeta/libs/tspmeta.so’:
     Found no calls to: ‘R_registerRoutines’, ‘R_useDynamicSymbols’
    
    It is good practice to register native routines and to disable symbol
    search.
    
    See ‘Writing portable packages’ in the ‘Writing R Extensions’ manual.
Flavors: r-devel-linux-x86_64-fedora-clang, r-devel-linux-x86_64-fedora-gcc