Last updated on 2025-01-19 19:48:33 CET.
Flavor | Version | Tinstall | Tcheck | Ttotal | Status | Flags |
---|---|---|---|---|---|---|
r-devel-linux-x86_64-debian-clang | 0.1.2 | 252.35 | 99.57 | 351.92 | OK | |
r-devel-linux-x86_64-debian-gcc | 0.1.2 | 156.77 | 69.93 | 226.70 | OK | |
r-devel-linux-x86_64-fedora-clang | 0.1.2 | 455.79 | OK | |||
r-devel-linux-x86_64-fedora-gcc | 0.1.2 | 584.92 | OK | |||
r-devel-windows-x86_64 | 0.1.2 | 158.00 | 146.00 | 304.00 | OK | |
r-patched-linux-x86_64 | 0.1.2 | 214.41 | 93.83 | 308.24 | OK | |
r-release-linux-x86_64 | 0.1.2 | 206.73 | 93.19 | 299.92 | OK | |
r-release-macos-arm64 | 0.1.2 | 127.00 | NOTE | |||
r-release-macos-x86_64 | 0.1.2 | 203.00 | NOTE | |||
r-release-windows-x86_64 | 0.1.2 | 154.00 | 151.00 | 305.00 | OK | |
r-oldrel-macos-arm64 | 0.1.2 | 128.00 | NOTE | |||
r-oldrel-macos-x86_64 | 0.1.2 | 191.00 | NOTE | |||
r-oldrel-windows-x86_64 | 0.1.2 | 161.00 | 178.00 | 339.00 | OK |
Version: 0.1.2
Check: installed package size
Result: NOTE
installed size is 27.4Mb
sub-directories of 1Mb or more:
libs 26.7Mb
Flavors: r-release-macos-arm64, r-release-macos-x86_64, r-oldrel-macos-arm64, r-oldrel-macos-x86_64