CRAN Package Check Results for Package tidybayes

Last updated on 2021-04-19 16:47:42 CEST.

Flavor Version Tinstall Tcheck Ttotal Status Flags
r-devel-linux-x86_64-debian-clang 2.3.1 9.65 204.18 213.83 NOTE
r-devel-linux-x86_64-debian-gcc 2.3.1 7.08 153.52 160.60 NOTE
r-devel-linux-x86_64-fedora-clang 2.3.1 266.25 NOTE
r-devel-linux-x86_64-fedora-gcc 2.3.1 216.07 NOTE
r-devel-windows-ix86+x86_64 2.3.1 15.00 182.00 197.00 NOTE
r-devel-windows-x86_64-gcc10-UCRT 2.3.1 NOTE
r-patched-linux-x86_64 2.3.1 9.61 196.95 206.56 OK
r-patched-solaris-x86 2.3.1 317.80 NOTE
r-release-linux-x86_64 2.3.1 9.62 196.34 205.96 OK
r-release-macos-x86_64 2.3.1 OK
r-release-windows-ix86+x86_64 2.3.1 22.00 208.00 230.00 OK
r-oldrel-macos-x86_64 2.3.1 OK
r-oldrel-windows-ix86+x86_64 2.3.1 12.00 247.00 259.00 OK

Check Details

Version: 2.3.1
Check: LazyData
Result: NOTE
     'LazyData' is specified without a 'data' directory
Flavors: r-devel-linux-x86_64-debian-clang, r-devel-linux-x86_64-debian-gcc, r-devel-linux-x86_64-fedora-clang, r-devel-linux-x86_64-fedora-gcc, r-devel-windows-ix86+x86_64, r-devel-windows-x86_64-gcc10-UCRT

Version: 2.3.1
Check: package dependencies
Result: NOTE
    Package suggested but not available for checking: 'gifski'
Flavors: r-devel-windows-x86_64-gcc10-UCRT, r-patched-solaris-x86

Version: 2.3.1
Check: installed package size
Result: NOTE
     installed size is 5.2Mb
     sub-directories of 1Mb or more:
     doc 4.5Mb
Flavor: r-patched-solaris-x86