CRAN Package Check Results for Package tidyMC

Last updated on 2025-01-21 19:49:44 CET.

Flavor Version Tinstall Tcheck Ttotal Status Flags
r-devel-linux-x86_64-debian-clang 1.0.0 3.02 71.26 74.28 NOTE
r-devel-linux-x86_64-debian-gcc 1.0.0 2.32 50.83 53.15 NOTE
r-devel-linux-x86_64-fedora-clang 1.0.0 138.76 OK
r-devel-linux-x86_64-fedora-gcc 1.0.0 129.14 OK
r-devel-windows-x86_64 1.0.0 5.00 115.00 120.00 NOTE
r-patched-linux-x86_64 1.0.0 9.62 68.88 78.50 OK
r-release-linux-x86_64 1.0.0 3.20 68.80 72.00 OK
r-release-macos-arm64 1.0.0 76.00 OK
r-release-macos-x86_64 1.0.0 108.00 OK
r-release-windows-x86_64 1.0.0 5.00 115.00 120.00 OK
r-oldrel-macos-arm64 1.0.0 76.00 OK
r-oldrel-macos-x86_64 1.0.0 142.00 OK
r-oldrel-windows-x86_64 1.0.0 6.00 143.00 149.00 OK

Check Details

Version: 1.0.0
Check: Rd cross-references
Result: NOTE Found the following Rd file(s) with Rd \link{} targets missing package anchors: plot.mc.Rd: ggplot2 plot.summary.mc.Rd: ggplot2 tidy_mc_latex.Rd: kableExtra Please provide package anchors for all Rd \link{} targets not in the package itself and the base packages. Flavors: r-devel-linux-x86_64-debian-clang, r-devel-linux-x86_64-debian-gcc, r-devel-windows-x86_64