CRAN Package Check Results for Package textTinyR

Last updated on 2019-09-24 07:48:49 CEST.

Flavor Version Tinstall Tcheck Ttotal Status Flags
r-devel-linux-x86_64-debian-clang 1.1.3 115.93 124.98 240.91 OK
r-devel-linux-x86_64-debian-gcc 1.1.3 101.24 101.20 202.44 OK
r-devel-linux-x86_64-fedora-clang 1.1.3 353.07 NOTE
r-devel-linux-x86_64-fedora-gcc 1.1.3 340.84 OK
r-devel-windows-ix86+x86_64 1.1.3 292.00 168.00 460.00 OK
r-patched-linux-x86_64 1.1.3 104.17 117.69 221.86 OK
r-patched-solaris-x86 1.1.3 371.30 OK
r-release-linux-x86_64 1.1.3 108.34 116.12 224.46 OK
r-release-windows-ix86+x86_64 1.1.3 272.00 235.00 507.00 OK
r-release-osx-x86_64 1.1.3 NOTE
r-oldrel-windows-ix86+x86_64 1.1.3 212.00 163.00 375.00 OK
r-oldrel-osx-x86_64 1.1.3 NOTE

Check Details

Version: 1.1.3
Check: installed package size
Result: NOTE
     installed size is 16.3Mb
     sub-directories of 1Mb or more:
     libs 14.8Mb
Flavors: r-devel-linux-x86_64-fedora-clang, r-release-osx-x86_64, r-oldrel-osx-x86_64