CRAN Package Check Results for Package testthat

Last updated on 2019-06-20 07:48:03 CEST.

Flavor Version Tinstall Tcheck Ttotal Status Flags
r-devel-linux-x86_64-debian-clang 2.1.1 37.75 120.39 158.14 OK
r-devel-linux-x86_64-debian-gcc 2.1.1 31.28 97.53 128.81 OK
r-devel-linux-x86_64-fedora-clang 2.1.1 202.70 NOTE
r-devel-linux-x86_64-fedora-gcc 2.1.1 186.22 OK
r-devel-windows-ix86+x86_64 2.1.1 84.00 126.00 210.00 OK
r-patched-linux-x86_64 2.1.1 36.65 121.26 157.91 OK
r-patched-solaris-x86 2.1.1 106.40 OK
r-release-linux-x86_64 2.1.1 36.71 120.84 157.55 OK
r-release-windows-ix86+x86_64 2.1.1 89.00 137.00 226.00 OK
r-release-osx-x86_64 2.1.1 NOTE
r-oldrel-windows-ix86+x86_64 2.1.1 54.00 122.00 176.00 OK
r-oldrel-osx-x86_64 2.1.1 NOTE

Check Details

Version: 2.1.1
Check: installed package size
Result: NOTE
     installed size is 6.0Mb
     sub-directories of 1Mb or more:
     libs 4.5Mb
Flavors: r-devel-linux-x86_64-fedora-clang, r-release-osx-x86_64, r-oldrel-osx-x86_64