CRAN Package Check Results for Package tbart

Last updated on 2019-08-24 19:47:26 CEST.

Flavor Version Tinstall Tcheck Ttotal Status Flags
r-devel-linux-x86_64-debian-clang 1.0 18.38 34.52 52.90 OK
r-devel-linux-x86_64-debian-gcc 1.0 13.20 27.57 40.77 OK
r-devel-linux-x86_64-fedora-clang 1.0 68.37 NOTE
r-devel-linux-x86_64-fedora-gcc 1.0 66.24 NOTE
r-devel-windows-ix86+x86_64 1.0 39.00 102.00 141.00 OK
r-patched-linux-x86_64 1.0 17.43 33.16 50.59 OK
r-patched-solaris-x86 1.0 85.20 OK
r-release-linux-x86_64 1.0 14.47 33.52 47.99 OK
r-release-windows-ix86+x86_64 1.0 54.00 108.00 162.00 OK
r-release-osx-x86_64 1.0 OK
r-oldrel-windows-ix86+x86_64 1.0 49.00 98.00 147.00 OK
r-oldrel-osx-x86_64 1.0 OK

Check Details

Version: 1.0
Check: compiled code
Result: NOTE
    File ‘tbart/libs/tbart.so’:
     Found no calls to: ‘R_registerRoutines’, ‘R_useDynamicSymbols’
    
    It is good practice to register native routines and to disable symbol
    search.
    
    See ‘Writing portable packages’ in the ‘Writing R Extensions’ manual.
Flavors: r-devel-linux-x86_64-fedora-clang, r-devel-linux-x86_64-fedora-gcc