CRAN Package Check Results for Package tbart

Last updated on 2019-06-16 07:47:13 CEST.

Flavor Version Tinstall Tcheck Ttotal Status Flags
r-devel-linux-x86_64-debian-clang 1.0 16.09 33.82 49.91 OK
r-devel-linux-x86_64-debian-gcc 1.0 13.83 27.47 41.30 OK
r-devel-linux-x86_64-fedora-clang 1.0 69.23 NOTE
r-devel-linux-x86_64-fedora-gcc 1.0 62.33 NOTE
r-devel-windows-ix86+x86_64 1.0 51.00 74.00 125.00 OK
r-patched-linux-x86_64 1.0 14.76 33.20 47.96 OK
r-patched-solaris-x86 1.0 85.50 OK
r-release-linux-x86_64 1.0 16.60 33.31 49.91 OK
r-release-windows-ix86+x86_64 1.0 31.00 101.00 132.00 OK
r-release-osx-x86_64 1.0 OK
r-oldrel-windows-ix86+x86_64 1.0 34.00 105.00 139.00 OK
r-oldrel-osx-x86_64 1.0 OK

Check Details

Version: 1.0
Check: compiled code
Result: NOTE
    File ‘tbart/libs/tbart.so’:
     Found no calls to: ‘R_registerRoutines’, ‘R_useDynamicSymbols’
    
    It is good practice to register native routines and to disable symbol
    search.
    
    See ‘Writing portable packages’ in the ‘Writing R Extensions’ manual.
Flavors: r-devel-linux-x86_64-fedora-clang, r-devel-linux-x86_64-fedora-gcc