CRAN Package Check Results for Package tableone

Last updated on 2019-08-18 07:49:04 CEST.

Flavor Version Tinstall Tcheck Ttotal Status Flags
r-devel-linux-x86_64-debian-clang 0.10.0 10.43 203.43 213.86 OK
r-devel-linux-x86_64-debian-gcc 0.10.0 7.43 151.17 158.60 OK
r-devel-linux-x86_64-fedora-clang 0.10.0 242.27 NOTE
r-devel-linux-x86_64-fedora-gcc 0.10.0 264.85 NOTE
r-devel-windows-ix86+x86_64 0.10.0 22.00 241.00 263.00 OK
r-patched-linux-x86_64 0.10.0 8.84 195.88 204.72 OK
r-patched-solaris-x86 0.10.0 348.70 NOTE
r-release-linux-x86_64 0.10.0 7.66 198.74 206.40 OK
r-release-windows-ix86+x86_64 0.10.0 16.00 205.00 221.00 OK
r-release-osx-x86_64 0.10.0 NOTE
r-oldrel-windows-ix86+x86_64 0.10.0 15.00 300.00 315.00 OK
r-oldrel-osx-x86_64 0.10.0 NOTE

Check Details

Version: 0.10.0
Check: dependencies in R code
Result: NOTE
    Namespace in Imports field not imported from: ‘methods’
     All declared Imports should be used.
Flavors: r-devel-linux-x86_64-fedora-clang, r-devel-linux-x86_64-fedora-gcc, r-patched-solaris-x86, r-release-osx-x86_64, r-oldrel-osx-x86_64