CRAN Package Check Results for Package synchronicity

Last updated on 2020-07-04 19:47:52 CEST.

Flavor Version Tinstall Tcheck Ttotal Status Flags
r-devel-linux-x86_64-debian-clang 1.3.5 30.41 25.94 56.35 OK
r-devel-linux-x86_64-debian-gcc 1.3.5 20.60 20.57 41.17 OK
r-devel-linux-x86_64-fedora-clang 1.3.5 81.07 NOTE
r-devel-linux-x86_64-fedora-gcc 1.3.5 70.80 NOTE
r-devel-windows-ix86+x86_64 1.3.5 88.00 66.00 154.00 OK
r-patched-linux-x86_64 1.3.5 23.01 25.48 48.49 OK
r-patched-solaris-x86 1.3.5 77.00 OK
r-release-linux-x86_64 1.3.5 23.45 25.59 49.04 OK
r-release-osx-x86_64 1.3.5 OK
r-release-windows-ix86+x86_64 1.3.5 70.00 58.00 128.00 OK
r-oldrel-osx-x86_64 1.3.5 OK
r-oldrel-windows-ix86+x86_64 1.3.5 68.00 75.00 143.00 OK

Check Details

Version: 1.3.5
Check: top-level files
Result: NOTE
     possible bashism in configure line 12 (echo -n):
     echo -n " checking for Sun Studio compiler..."
     possible bashism in configure line 22 (echo -n):
     echo -n " checking for OS..."
Flavors: r-devel-linux-x86_64-fedora-clang, r-devel-linux-x86_64-fedora-gcc