CRAN Package Check Results for Package sybilccFBA

Last updated on 2019-07-20 19:47:08 CEST.

Flavor Version Tinstall Tcheck Ttotal Status Flags
r-devel-linux-x86_64-debian-clang 3.0.0 14.14 81.85 95.99 NOTE
r-devel-linux-x86_64-debian-gcc 3.0.0 10.92 65.35 76.27 NOTE
r-devel-linux-x86_64-fedora-clang 3.0.0 117.26 NOTE
r-devel-linux-x86_64-fedora-gcc 3.0.0 114.02 NOTE
r-devel-windows-ix86+x86_64 3.0.0 25.00 121.00 146.00 NOTE
r-patched-linux-x86_64 3.0.0 13.67 81.00 94.67 OK
r-patched-solaris-x86 3.0.0 177.80 NOTE
r-release-linux-x86_64 3.0.0 14.24 81.59 95.83 OK
r-release-windows-ix86+x86_64 3.0.0 25.00 91.00 116.00 NOTE
r-release-osx-x86_64 3.0.0 NOTE
r-oldrel-windows-ix86+x86_64 3.0.0 17.00 113.00 130.00 NOTE
r-oldrel-osx-x86_64 3.0.0 NOTE

Check Details

Version: 3.0.0
Check: for non-standard things in the check directory
Result: NOTE
    Found the following files/directories:
     'moment_20190719_0119.lp'
Flavor: r-devel-linux-x86_64-debian-clang

Version: 3.0.0
Check: for non-standard things in the check directory
Result: NOTE
    Found the following files/directories:
     ‘moment_20190720_1053.lp’
Flavor: r-devel-linux-x86_64-debian-gcc

Version: 3.0.0
Check: package dependencies
Result: NOTE
    Package suggested but not available for checking: ‘cplexAPI’
Flavors: r-devel-linux-x86_64-fedora-clang, r-devel-linux-x86_64-fedora-gcc, r-devel-windows-ix86+x86_64, r-patched-solaris-x86, r-release-windows-ix86+x86_64, r-release-osx-x86_64, r-oldrel-windows-ix86+x86_64, r-oldrel-osx-x86_64

Version: 3.0.0
Check: installed package size
Result: NOTE
     installed size is 5.2Mb
     sub-directories of 1Mb or more:
     extdata 4.2Mb
Flavors: r-devel-linux-x86_64-fedora-clang, r-devel-windows-ix86+x86_64, r-patched-solaris-x86, r-release-windows-ix86+x86_64, r-release-osx-x86_64, r-oldrel-windows-ix86+x86_64, r-oldrel-osx-x86_64

Version: 3.0.0
Check: data for non-ASCII characters
Result: NOTE
     Note: found 1 marked UTF-8 string
Flavors: r-devel-linux-x86_64-fedora-clang, r-devel-linux-x86_64-fedora-gcc, r-patched-solaris-x86, r-release-osx-x86_64, r-oldrel-osx-x86_64

Version: 3.0.0
Check: for non-standard things in the check directory
Result: NOTE
    Found the following files/directories:
     ‘moment_20190712_0813.lp’
Flavor: r-devel-linux-x86_64-fedora-clang

Version: 3.0.0
Check: for non-standard things in the check directory
Result: NOTE
    Found the following files/directories:
     ‘moment_20190711_0953.lp’
Flavor: r-devel-linux-x86_64-fedora-gcc