CRAN Package Check Results for Package sybilccFBA

Last updated on 2019-11-17 17:49:21 CET.

Flavor Version Tinstall Tcheck Ttotal Status Flags
r-devel-linux-x86_64-debian-clang 3.0.0 16.71 85.70 102.41 NOTE
r-devel-linux-x86_64-debian-gcc 3.0.0 12.29 65.22 77.51 NOTE
r-devel-linux-x86_64-fedora-clang 3.0.0 118.68 NOTE
r-devel-linux-x86_64-fedora-gcc 3.0.0 121.11 NOTE
r-devel-windows-ix86+x86_64 3.0.0 35.00 112.00 147.00 NOTE
r-patched-linux-x86_64 3.0.0 15.15 79.98 95.13 OK
r-patched-solaris-x86 3.0.0 174.30 NOTE
r-release-linux-x86_64 3.0.0 13.59 80.38 93.97 OK
r-release-windows-ix86+x86_64 3.0.0 24.00 121.00 145.00 NOTE
r-release-osx-x86_64 3.0.0 NOTE
r-oldrel-windows-ix86+x86_64 3.0.0 19.00 108.00 127.00 NOTE
r-oldrel-osx-x86_64 3.0.0 NOTE

Check Details

Version: 3.0.0
Check: for non-standard things in the check directory
Result: NOTE
    Found the following files/directories:
     'moment_20191115_0241.lp' 'moment_20191115_0242.lp'
Flavor: r-devel-linux-x86_64-debian-clang

Version: 3.0.0
Check: for non-standard things in the check directory
Result: NOTE
    Found the following files/directories:
     ‘moment_20191116_2330.lp’
Flavor: r-devel-linux-x86_64-debian-gcc

Version: 3.0.0
Check: package dependencies
Result: NOTE
    Package suggested but not available for checking: ‘cplexAPI’
Flavors: r-devel-linux-x86_64-fedora-clang, r-devel-linux-x86_64-fedora-gcc, r-devel-windows-ix86+x86_64, r-patched-solaris-x86, r-release-windows-ix86+x86_64, r-release-osx-x86_64, r-oldrel-windows-ix86+x86_64, r-oldrel-osx-x86_64

Version: 3.0.0
Check: installed package size
Result: NOTE
     installed size is 5.2Mb
     sub-directories of 1Mb or more:
     extdata 4.2Mb
Flavors: r-devel-linux-x86_64-fedora-clang, r-devel-windows-ix86+x86_64, r-patched-solaris-x86, r-release-windows-ix86+x86_64, r-release-osx-x86_64, r-oldrel-windows-ix86+x86_64, r-oldrel-osx-x86_64

Version: 3.0.0
Check: data for non-ASCII characters
Result: NOTE
     Note: found 1 marked UTF-8 string
Flavors: r-devel-linux-x86_64-fedora-clang, r-devel-linux-x86_64-fedora-gcc, r-patched-solaris-x86, r-release-osx-x86_64, r-oldrel-osx-x86_64

Version: 3.0.0
Check: for non-standard things in the check directory
Result: NOTE
    Found the following files/directories:
     ‘moment_20191117_0244.lp’
Flavor: r-devel-linux-x86_64-fedora-clang

Version: 3.0.0
Check: for non-standard things in the check directory
Result: NOTE
    Found the following files/directories:
     ‘moment_20191111_0449.lp’
Flavor: r-devel-linux-x86_64-fedora-gcc