CRAN Package Check Results for Package svars

Last updated on 2020-07-04 19:47:52 CEST.

Flavor Version Tinstall Tcheck Ttotal Status Flags
r-devel-linux-x86_64-debian-clang 1.3.3 123.76 194.52 318.28 OK
r-devel-linux-x86_64-debian-gcc 1.3.3 94.78 142.15 236.93 OK
r-devel-linux-x86_64-fedora-clang 1.3.3 411.19 NOTE
r-devel-linux-x86_64-fedora-gcc 1.3.3 398.44 OK
r-devel-windows-ix86+x86_64 1.3.3 309.00 283.00 592.00 OK
r-patched-linux-x86_64 1.3.3 98.56 186.18 284.74 OK
r-patched-solaris-x86 1.3.3 439.00 OK
r-release-linux-x86_64 1.3.3 100.96 187.01 287.97 OK
r-release-osx-x86_64 1.3.3 NOTE
r-release-windows-ix86+x86_64 1.3.3 242.00 274.00 516.00 OK
r-oldrel-osx-x86_64 1.3.3 NOTE
r-oldrel-windows-ix86+x86_64 1.3.3 229.00 360.00 589.00 OK

Check Details

Version: 1.3.3
Check: installed package size
Result: NOTE
     installed size is 9.1Mb
     sub-directories of 1Mb or more:
     help 1.1Mb
     libs 7.3Mb
Flavors: r-devel-linux-x86_64-fedora-clang, r-release-osx-x86_64, r-oldrel-osx-x86_64