CRAN Package Check Results for Package svars

Last updated on 2019-08-18 19:52:12 CEST.

Flavor Version Tinstall Tcheck Ttotal Status Flags
r-devel-linux-x86_64-debian-clang 1.3.1 94.29 153.87 248.16 OK
r-devel-linux-x86_64-debian-gcc 1.3.1 81.11 117.15 198.26 OK
r-devel-linux-x86_64-fedora-clang 1.3.1 349.30 NOTE
r-devel-linux-x86_64-fedora-gcc 1.3.1 351.39 OK
r-devel-windows-ix86+x86_64 1.3.1 279.00 274.00 553.00 OK
r-patched-linux-x86_64 1.3.1 89.58 149.37 238.95 OK
r-patched-solaris-x86 1.3.1 412.10 OK
r-release-linux-x86_64 1.3.1 87.51 151.04 238.55 OK
r-release-windows-ix86+x86_64 1.3.1 192.00 253.00 445.00 OK
r-release-osx-x86_64 1.3.1 NOTE
r-oldrel-windows-ix86+x86_64 1.3.1 264.00 397.00 661.00 OK
r-oldrel-osx-x86_64 1.3.1 NOTE

Check Details

Version: 1.3.1
Check: installed package size
Result: NOTE
     installed size is 7.2Mb
     sub-directories of 1Mb or more:
     libs 6.1Mb
Flavors: r-devel-linux-x86_64-fedora-clang, r-release-osx-x86_64, r-oldrel-osx-x86_64