CRAN Package Check Results for Package survivalMPLdc

Last updated on 2021-04-21 04:49:15 CEST.

Flavor Version Tinstall Tcheck Ttotal Status Flags
r-devel-linux-x86_64-debian-clang 0.1.1 17.05 139.30 156.35 OK
r-devel-linux-x86_64-debian-gcc 0.1.1 12.34 105.22 117.56 OK
r-devel-linux-x86_64-fedora-clang 0.1.1 191.85 OK
r-devel-linux-x86_64-fedora-gcc 0.1.1 183.64 OK
r-devel-windows-ix86+x86_64 0.1.1 31.00 133.00 164.00 OK
r-devel-windows-x86_64-gcc10-UCRT 0.1.1 OK
r-patched-linux-x86_64 0.1.1 15.38 129.31 144.69 OK
r-patched-solaris-x86 0.1.1 2177.40 WARN
r-release-linux-x86_64 0.1.1 14.77 127.65 142.42 OK
r-release-macos-x86_64 0.1.1 OK
r-release-windows-ix86+x86_64 0.1.1 31.00 148.00 179.00 OK
r-oldrel-macos-x86_64 0.1.1 OK
r-oldrel-windows-ix86+x86_64 0.1.1 27.00 168.00 195.00 OK

Check Details

Version: 0.1.1
Check: re-building of vignette outputs
Result: WARN
    Error(s) in re-building vignettes:
     ...
    --- re-building ‘README.Rmd’ using rmarkdown
    Warning in engine$weave(file, quiet = quiet, encoding = enc) :
     Pandoc (>= 1.12.3) and/or pandoc-citeproc not available. Falling back to R Markdown v1.
Flavor: r-patched-solaris-x86