CRAN Package Check Results for Package survivALL

Last updated on 2019-09-24 07:48:48 CEST.

Flavor Version Tinstall Tcheck Ttotal Status Flags
r-devel-linux-x86_64-debian-clang 0.9.3 2.74 133.64 136.38 OK
r-devel-linux-x86_64-debian-gcc 0.9.3 2.38 101.81 104.19 OK
r-devel-linux-x86_64-fedora-clang 0.9.3 165.07 NOTE
r-devel-linux-x86_64-fedora-gcc 0.9.3 158.85 NOTE
r-devel-windows-ix86+x86_64 0.9.3 19.00 140.00 159.00 OK
r-patched-linux-x86_64 0.9.3 2.18 130.71 132.89 OK
r-patched-solaris-x86 0.9.3 217.90 NOTE
r-release-linux-x86_64 0.9.3 2.39 129.80 132.19 OK
r-release-windows-ix86+x86_64 0.9.3 10.00 190.00 200.00 OK
r-release-osx-x86_64 0.9.3 ERROR
r-oldrel-windows-ix86+x86_64 0.9.3 4.00 126.00 130.00 OK
r-oldrel-osx-x86_64 0.9.3 NOTE

Check Details

Version: 0.9.3
Check: dependencies in R code
Result: NOTE
    Namespace in Imports field not imported from: ‘cowplot’
     All declared Imports should be used.
Flavors: r-devel-linux-x86_64-fedora-clang, r-devel-linux-x86_64-fedora-gcc, r-patched-solaris-x86, r-oldrel-osx-x86_64

Version: 0.9.3
Check: package dependencies
Result: ERROR
    Package required but not available: ‘survcomp’
    
    Package suggested but not available for checking: ‘Biobase’
    
    See section ‘The DESCRIPTION file’ in the ‘Writing R Extensions’
    manual.
Flavor: r-release-osx-x86_64