CRAN Package Check Results for Package survivALL

Last updated on 2019-06-25 19:50:01 CEST.

Flavor Version Tinstall Tcheck Ttotal Status Flags
r-devel-linux-x86_64-debian-clang 0.9.3 2.14 132.73 134.87 OK
r-devel-linux-x86_64-debian-gcc 0.9.3 2.00 101.62 103.62 OK
r-devel-linux-x86_64-fedora-clang 0.9.3 153.71 NOTE
r-devel-linux-x86_64-fedora-gcc 0.9.3 154.87 NOTE
r-devel-windows-ix86+x86_64 0.9.3 11.00 153.00 164.00 OK
r-patched-linux-x86_64 0.9.3 2.81 129.84 132.65 OK
r-patched-solaris-x86 0.9.3 208.20 NOTE
r-release-linux-x86_64 0.9.3 2.45 130.56 133.01 OK
r-release-windows-ix86+x86_64 0.9.3 6.00 194.00 200.00 OK
r-release-osx-x86_64 0.9.3 ERROR
r-oldrel-windows-ix86+x86_64 0.9.3 4.00 129.00 133.00 OK
r-oldrel-osx-x86_64 0.9.3 NOTE

Check Details

Version: 0.9.3
Check: dependencies in R code
Result: NOTE
    Namespace in Imports field not imported from: ‘cowplot’
     All declared Imports should be used.
Flavors: r-devel-linux-x86_64-fedora-clang, r-devel-linux-x86_64-fedora-gcc, r-patched-solaris-x86, r-oldrel-osx-x86_64

Version: 0.9.3
Check: package dependencies
Result: ERROR
    Package required but not available: ‘survcomp’
    
    Package suggested but not available for checking: ‘Biobase’
    
    See section ‘The DESCRIPTION file’ in the ‘Writing R Extensions’
    manual.
Flavor: r-release-osx-x86_64