CRAN Package Check Results for Package stratEst

Last updated on 2019-06-24 19:50:20 CEST.

Flavor Version Tinstall Tcheck Ttotal Status Flags
r-devel-linux-x86_64-debian-clang 0.1.2 95.31 85.24 180.55 OK
r-devel-linux-x86_64-debian-gcc 0.1.2 70.87 66.21 137.08 OK
r-devel-linux-x86_64-fedora-clang 0.1.2 263.96 NOTE
r-devel-linux-x86_64-fedora-gcc 0.1.2 222.87 OK
r-devel-windows-ix86+x86_64 0.1.2 231.00 168.00 399.00 OK
r-patched-linux-x86_64 0.1.2 83.46 85.03 168.49 OK
r-patched-solaris-x86 0.1.2 238.40 OK
r-release-linux-x86_64 0.1.2 79.81 83.94 163.75 OK
r-release-windows-ix86+x86_64 0.1.2 175.00 203.00 378.00 OK
r-release-osx-x86_64 0.1.2 NOTE
r-oldrel-windows-ix86+x86_64 0.1.2 165.00 156.00 321.00 OK
r-oldrel-osx-x86_64 0.1.2 NOTE

Check Details

Version: 0.1.2
Check: installed package size
Result: NOTE
     installed size is 7.0Mb
     sub-directories of 1Mb or more:
     libs 6.4Mb
Flavors: r-devel-linux-x86_64-fedora-clang, r-release-osx-x86_64, r-oldrel-osx-x86_64