CRAN Package Check Results for Package stratEst

Last updated on 2019-09-22 19:51:33 CEST.

Flavor Version Tinstall Tcheck Ttotal Status Flags
r-devel-linux-x86_64-debian-clang 0.1.2 92.81 81.25 174.06 OK
r-devel-linux-x86_64-debian-gcc 0.1.2 72.79 59.69 132.48 OK
r-devel-linux-x86_64-fedora-clang 0.1.2 267.83 NOTE
r-devel-linux-x86_64-fedora-gcc 0.1.2 233.96 OK
r-devel-windows-ix86+x86_64 0.1.2 229.00 206.00 435.00 OK
r-patched-linux-x86_64 0.1.2 80.50 80.21 160.71 OK
r-patched-solaris-x86 0.1.2 255.80 OK
r-release-linux-x86_64 0.1.2 78.38 81.36 159.74 OK
r-release-windows-ix86+x86_64 0.1.2 220.00 211.00 431.00 OK
r-release-osx-x86_64 0.1.2 NOTE
r-oldrel-windows-ix86+x86_64 0.1.2 167.00 145.00 312.00 OK
r-oldrel-osx-x86_64 0.1.2 NOTE

Check Details

Version: 0.1.2
Check: installed package size
Result: NOTE
     installed size is 7.7Mb
     sub-directories of 1Mb or more:
     libs 7.0Mb
Flavors: r-devel-linux-x86_64-fedora-clang, r-release-osx-x86_64, r-oldrel-osx-x86_64