CRAN Package Check Results for Package stochvol

Last updated on 2019-06-19 07:48:37 CEST.

Flavor Version Tinstall Tcheck Ttotal Status Flags
r-devel-linux-x86_64-debian-clang 2.0.3 136.15 153.12 289.27 OK
r-devel-linux-x86_64-debian-gcc 2.0.3 104.09 113.65 217.74 OK
r-devel-linux-x86_64-fedora-clang 2.0.3 415.57 NOTE
r-devel-linux-x86_64-fedora-gcc 2.0.3 384.85 OK
r-devel-windows-ix86+x86_64 2.0.3 384.00 273.00 657.00 NOTE
r-patched-linux-x86_64 2.0.3 130.00 148.13 278.13 OK
r-patched-solaris-x86 2.0.3 477.10 OK
r-release-linux-x86_64 2.0.3 122.48 150.44 272.92 OK
r-release-windows-ix86+x86_64 2.0.3 393.00 270.00 663.00 NOTE
r-release-osx-x86_64 2.0.3 NOTE
r-oldrel-windows-ix86+x86_64 2.0.3 264.00 277.00 541.00 OK
r-oldrel-osx-x86_64 2.0.3 NOTE

Check Details

Version: 2.0.3
Check: installed package size
Result: NOTE
     installed size is 7.3Mb
     sub-directories of 1Mb or more:
     doc 2.6Mb
     libs 4.2Mb
Flavors: r-devel-linux-x86_64-fedora-clang, r-devel-windows-ix86+x86_64, r-release-windows-ix86+x86_64, r-release-osx-x86_64, r-oldrel-osx-x86_64