CRAN Package Check Results for Package stochvol

Last updated on 2019-09-22 19:51:33 CEST.

Flavor Version Tinstall Tcheck Ttotal Status Flags
r-devel-linux-x86_64-debian-clang 2.0.4 132.43 142.29 274.72 OK
r-devel-linux-x86_64-debian-gcc 2.0.4 113.20 102.24 215.44 OK
r-devel-linux-x86_64-fedora-clang 2.0.4 425.15 NOTE
r-devel-linux-x86_64-fedora-gcc 2.0.4 389.35 OK
r-devel-windows-ix86+x86_64 2.0.4 380.00 288.00 668.00 NOTE
r-patched-linux-x86_64 2.0.4 126.25 135.31 261.56 OK
r-patched-solaris-x86 2.0.4 523.10 OK
r-release-linux-x86_64 2.0.4 128.66 137.86 266.52 OK
r-release-windows-ix86+x86_64 2.0.4 389.00 289.00 678.00 NOTE
r-release-osx-x86_64 2.0.4 NOTE
r-oldrel-windows-ix86+x86_64 2.0.4 258.00 216.00 474.00 NOTE
r-oldrel-osx-x86_64 2.0.4 NOTE

Check Details

Version: 2.0.4
Check: installed package size
Result: NOTE
     installed size is 7.6Mb
     sub-directories of 1Mb or more:
     doc 2.6Mb
     libs 4.6Mb
Flavors: r-devel-linux-x86_64-fedora-clang, r-devel-windows-ix86+x86_64, r-release-windows-ix86+x86_64, r-release-osx-x86_64, r-oldrel-windows-ix86+x86_64, r-oldrel-osx-x86_64