CRAN Package Check Results for Package steemr

Last updated on 2019-09-24 07:48:48 CEST.

Flavor Version Tinstall Tcheck Ttotal Status Flags
r-devel-linux-x86_64-debian-clang 0.1.3 11.45 85.94 97.39 OK
r-devel-linux-x86_64-debian-gcc 0.1.3 11.13 65.60 76.73 OK
r-devel-linux-x86_64-fedora-clang 0.1.3 120.92 NOTE
r-devel-linux-x86_64-fedora-gcc 0.1.3 116.48 NOTE
r-devel-windows-ix86+x86_64 0.1.3 53.00 114.00 167.00 OK
r-patched-linux-x86_64 0.1.3 11.29 79.80 91.09 OK
r-patched-solaris-x86 0.1.3 179.90 NOTE
r-release-linux-x86_64 0.1.3 11.12 81.81 92.93 OK
r-release-windows-ix86+x86_64 0.1.3 34.00 144.00 178.00 OK
r-release-osx-x86_64 0.1.3 NOTE
r-oldrel-windows-ix86+x86_64 0.1.3 13.00 97.00 110.00 OK
r-oldrel-osx-x86_64 0.1.3 NOTE

Check Details

Version: 0.1.3
Check: dependencies in R code
Result: NOTE
    Namespaces in Imports field not imported from:
     ‘rlist’ ‘tm’ ‘zoo’
     All declared Imports should be used.
Flavors: r-devel-linux-x86_64-fedora-clang, r-devel-linux-x86_64-fedora-gcc, r-patched-solaris-x86, r-release-osx-x86_64, r-oldrel-osx-x86_64