CRAN Package Check Results for Package steemr

Last updated on 2019-06-26 07:49:32 CEST.

Flavor Version Tinstall Tcheck Ttotal Status Flags
r-devel-linux-x86_64-debian-clang 0.1.3 11.92 84.63 96.55 OK
r-devel-linux-x86_64-debian-gcc 0.1.3 10.64 64.94 75.58 OK
r-devel-linux-x86_64-fedora-clang 0.1.3 112.32 NOTE
r-devel-linux-x86_64-fedora-gcc 0.1.3 105.98 NOTE
r-devel-windows-ix86+x86_64 0.1.3 38.00 110.00 148.00 OK
r-patched-linux-x86_64 0.1.3 12.91 81.10 94.01 OK
r-patched-solaris-x86 0.1.3 176.10 NOTE
r-release-linux-x86_64 0.1.3 10.13 81.34 91.47 OK
r-release-windows-ix86+x86_64 0.1.3 25.00 148.00 173.00 OK
r-release-osx-x86_64 0.1.3 NOTE
r-oldrel-windows-ix86+x86_64 0.1.3 15.00 100.00 115.00 OK
r-oldrel-osx-x86_64 0.1.3 NOTE

Check Details

Version: 0.1.3
Check: dependencies in R code
Result: NOTE
    Namespaces in Imports field not imported from:
     ‘rlist’ ‘tm’ ‘zoo’
     All declared Imports should be used.
Flavors: r-devel-linux-x86_64-fedora-clang, r-devel-linux-x86_64-fedora-gcc, r-patched-solaris-x86, r-release-osx-x86_64, r-oldrel-osx-x86_64