CRAN Package Check Results for Package stats19

Last updated on 2019-10-20 06:47:06 CEST.

Flavor Version Tinstall Tcheck Ttotal Status Flags
r-devel-linux-x86_64-debian-clang 1.1.0 2.78 104.75 107.53 WARN
r-devel-linux-x86_64-debian-gcc 1.1.0 2.18 85.79 87.97 OK
r-devel-linux-x86_64-fedora-clang 1.1.0 130.81 OK
r-devel-linux-x86_64-fedora-gcc 1.1.0 135.79 OK
r-devel-windows-ix86+x86_64 1.1.0 7.00 153.00 160.00 OK
r-patched-linux-x86_64 1.1.0 2.26 106.37 108.63 OK
r-patched-solaris-x86 1.1.0 272.80 OK
r-release-linux-x86_64 1.1.0 2.34 108.04 110.38 OK
r-release-windows-ix86+x86_64 1.1.0 9.00 206.00 215.00 OK
r-release-osx-x86_64 1.1.0 OK
r-oldrel-windows-ix86+x86_64 1.1.0 3.00 153.00 156.00 OK
r-oldrel-osx-x86_64 1.1.0 OK

Check Details

Version: 1.1.0
Check: re-building of vignette outputs
Result: WARN
    Error(s) in re-building vignettes:
     ...
    --- re-building 'blog.Rmd' using rmarkdown
    Files identified: dftRoadSafetyData_Accidents_2017.zip
    
     http://data.dft.gov.uk.s3.amazonaws.com/road-accidents-safety-data/dftRoadSafetyData_Accidents_2017.zip
    Attempt downloading from:
    trying URL 'http://data.dft.gov.uk.s3.amazonaws.com/road-accidents-safety-data/dftRoadSafetyData_Accidents_2017.zip'
    Content type 'application/x-zip-compressed' length 3997883 bytes (3.8 MB)
    ==================================================
    downloaded 3.8 MB
    
    Data saved at /tmp/RtmpvgZvQ0/dftRoadSafetyData_Accidents_2017/Acc.csv
    Reading in:
    /tmp/RtmpvgZvQ0/dftRoadSafetyData_Accidents_2017/Acc.csv
    Linking to GEOS 3.7.2, GDAL 2.4.2, PROJ 6.2.0
    
    Attaching package: 'dplyr'
    
    The following objects are masked from 'package:stats':
    
     filter, lag
    
    The following objects are masked from 'package:base':
    
     intersect, setdiff, setequal, union
    
    Files identified: dftRoadSafetyData_Casualties_2017.zip
    
     http://data.dft.gov.uk.s3.amazonaws.com/road-accidents-safety-data/dftRoadSafetyData_Casualties_2017.zip
    Attempt downloading from:
    trying URL 'http://data.dft.gov.uk.s3.amazonaws.com/road-accidents-safety-data/dftRoadSafetyData_Casualties_2017.zip'
    Content type 'application/x-zip-compressed' length 1169376 bytes (1.1 MB)
    ==================================================
    downloaded 1.1 MB
    
    Data saved at /tmp/RtmpvgZvQ0/dftRoadSafetyData_Casualties_2017/Cas.csv
    Files identified: dftRoadSafetyData_Vehicles_2017.zip
    
     http://data.dft.gov.uk.s3.amazonaws.com/road-accidents-safety-data/dftRoadSafetyData_Vehicles_2017.zip
    Attempt downloading from:
    trying URL 'http://data.dft.gov.uk.s3.amazonaws.com/road-accidents-safety-data/dftRoadSafetyData_Vehicles_2017.zip'
    Content type 'application/x-zip-compressed' length 2584589 bytes (2.5 MB)
    ==================================================
    downloaded 2.5 MB
    
    Data saved at /tmp/RtmpvgZvQ0/dftRoadSafetyData_Vehicles_2017/Veh.csv
    Joining, by = "accident_index"
    Error: processing vignette 'blog.Rmd' failed with diagnostics:
    invalid multibyte string, element 1
    --- failed re-building 'blog.Rmd'
    
    --- re-building 'stats19-training-setup.Rmd' using rmarkdown
    --- finished re-building 'stats19-training-setup.Rmd'
    
    --- re-building 'stats19-training.Rmd' using rmarkdown
    --- finished re-building 'stats19-training.Rmd'
    
    --- re-building 'stats19-vehicles.Rmd' using rmarkdown
    Data provided under OGL v3.0. Cite the source and link to:
    www.nationalarchives.gov.uk/doc/open-government-licence/version/3/
    
    Attaching package: 'dplyr'
    
    The following objects are masked from 'package:stats':
    
     filter, lag
    
    The following objects are masked from 'package:base':
    
     intersect, setdiff, setequal, union
    
    trying URL 'http://data.dft.gov.uk.s3.amazonaws.com/road-accidents-safety-data/dftRoadSafetyData_Vehicles_2017.zip'
    Content type 'application/x-zip-compressed' length 2584589 bytes (2.5 MB)
    ==================================================
    downloaded 2.5 MB
    
    trying URL 'http://data.dft.gov.uk.s3.amazonaws.com/road-accidents-safety-data/dftRoadSafetyData_Accidents_2017.zip'
    Content type 'application/x-zip-compressed' length 3997883 bytes (3.8 MB)
    ==================================================
    downloaded 3.8 MB
    
    --- finished re-building 'stats19-vehicles.Rmd'
    
    --- re-building 'stats19.Rmd' using rmarkdown
    trying URL 'http://data.dft.gov.uk.s3.amazonaws.com/road-accidents-safety-data/dftRoadSafetyData_Accidents_2017.zip'
    Content type 'application/x-zip-compressed' length 3997883 bytes (3.8 MB)
    ==================================================
    downloaded 3.8 MB
    
    trying URL 'http://data.dft.gov.uk.s3.amazonaws.com/road-accidents-safety-data/dftRoadSafetyData_Vehicles_2017.zip'
    Content type 'application/x-zip-compressed' length 2584589 bytes (2.5 MB)
    ==================================================
    downloaded 2.5 MB
    
    trying URL 'http://data.dft.gov.uk.s3.amazonaws.com/road-accidents-safety-data/dftRoadSafetyData_Casualties_2017.zip'
    Content type 'application/x-zip-compressed' length 1169376 bytes (1.1 MB)
    ==================================================
    downloaded 1.1 MB
    
    Joining, by = "accident_index"
    --- finished re-building 'stats19.Rmd'
    
    SUMMARY: processing the following file failed:
     'blog.Rmd'
    
    Error: Vignette re-building failed.
    Execution halted
Flavor: r-devel-linux-x86_64-debian-clang