CRAN Package Check Results for Package stars

Last updated on 2019-09-22 19:51:32 CEST.

Flavor Version Tinstall Tcheck Ttotal Status Flags
r-devel-linux-x86_64-debian-clang 0.3-1 9.23 204.62 213.85 NOTE
r-devel-linux-x86_64-debian-gcc 0.3-1 7.65 155.50 163.15 NOTE
r-devel-linux-x86_64-fedora-clang 0.3-1 265.66 NOTE
r-devel-linux-x86_64-fedora-gcc 0.3-1 262.80 NOTE
r-devel-windows-ix86+x86_64 0.3-1 29.00 304.00 333.00 NOTE
r-patched-linux-x86_64 0.3-1 9.36 196.72 206.08 NOTE
r-patched-solaris-x86 0.3-1 405.50 NOTE
r-release-linux-x86_64 0.3-1 9.31 200.39 209.70 NOTE
r-release-windows-ix86+x86_64 0.3-1 25.00 307.00 332.00 NOTE
r-release-osx-x86_64 0.3-1 NOTE
r-oldrel-windows-ix86+x86_64 0.3-1 13.00 230.00 243.00 NOTE
r-oldrel-osx-x86_64 0.3-1 NOTE

Check Details

Version: 0.3-1
Check: package dependencies
Result: NOTE
    Package suggested but not available for checking: 'starsdata'
Flavors: r-devel-linux-x86_64-debian-clang, r-devel-linux-x86_64-debian-gcc, r-devel-linux-x86_64-fedora-clang, r-devel-linux-x86_64-fedora-gcc, r-devel-windows-ix86+x86_64, r-patched-linux-x86_64, r-patched-solaris-x86, r-release-linux-x86_64, r-release-windows-ix86+x86_64, r-release-osx-x86_64, r-oldrel-windows-ix86+x86_64, r-oldrel-osx-x86_64

Version: 0.3-1
Check: installed package size
Result: NOTE
     installed size is 16.0Mb
     sub-directories of 1Mb or more:
     doc 10.5Mb
     nc 4.2Mb
Flavors: r-devel-linux-x86_64-fedora-clang, r-devel-windows-ix86+x86_64, r-patched-solaris-x86, r-release-windows-ix86+x86_64, r-release-osx-x86_64, r-oldrel-windows-ix86+x86_64, r-oldrel-osx-x86_64