Last updated on 2025-01-16 19:48:41 CET.
Flavor | Version | Tinstall | Tcheck | Ttotal | Status | Flags |
---|---|---|---|---|---|---|
r-devel-linux-x86_64-debian-clang | 0.1.1 | 50.47 | 439.29 | 489.76 | OK | |
r-devel-linux-x86_64-debian-gcc | 0.1.1 | 37.58 | 332.36 | 369.94 | OK | |
r-devel-linux-x86_64-fedora-clang | 0.1.1 | 855.52 | OK | |||
r-devel-linux-x86_64-fedora-gcc | 0.1.1 | 781.86 | OK | |||
r-devel-windows-x86_64 | 0.1.1 | 52.00 | 6.00 | 58.00 | ERROR | |
r-patched-linux-x86_64 | 0.1.1 | 42.56 | 407.50 | 450.06 | OK | |
r-release-linux-x86_64 | 0.1.1 | 49.68 | 405.87 | 455.55 | OK | |
r-release-macos-arm64 | 0.1.1 | 199.00 | OK | |||
r-release-macos-x86_64 | 0.1.1 | 578.00 | OK | |||
r-release-windows-x86_64 | 0.1.1 | 51.00 | 353.00 | 404.00 | OK | |
r-oldrel-macos-arm64 | 0.1.1 | 9.00 | ERROR | |||
r-oldrel-macos-x86_64 | 0.1.1 | 11.00 | ERROR | |||
r-oldrel-windows-x86_64 | 0.1.1 | 56.00 | 476.00 | 532.00 | OK |
Version: 0.1.1
Check: whether package can be installed
Result: ERROR
Installation failed.
Flavor: r-devel-windows-x86_64
Version: 0.1.1
Check: package dependencies
Result: ERROR
Package required but not available: ‘GSVA’
See section ‘The DESCRIPTION file’ in the ‘Writing R Extensions’
manual.
Flavors: r-oldrel-macos-arm64, r-oldrel-macos-x86_64