Last updated on 2021-03-08 17:51:31 CET.
Flavor | Version | Tinstall | Tcheck | Ttotal | Status | Flags |
---|---|---|---|---|---|---|
r-devel-linux-x86_64-debian-clang | 0.4.2 | 109.62 | 40.82 | 150.44 | OK | |
r-devel-linux-x86_64-debian-gcc | 0.4.2 | 77.30 | 32.37 | 109.67 | OK | |
r-devel-linux-x86_64-fedora-clang | 0.4.2 | 230.51 | NOTE | |||
r-devel-linux-x86_64-fedora-gcc | 0.4.2 | 210.27 | OK | |||
r-devel-windows-ix86+x86_64 | 0.4.2 | 275.00 | 90.00 | 365.00 | OK | |
r-devel-windows-x86_64-gcc10-UCRT | 0.4.2 | OK | ||||
r-patched-linux-x86_64 | 0.4.2 | 93.88 | 41.20 | 135.08 | OK | |
r-patched-solaris-x86 | 0.4.2 | 179.50 | OK | |||
r-release-linux-x86_64 | 0.4.2 | 93.50 | 41.58 | 135.08 | OK | |
r-release-macos-x86_64 | 0.4.2 | OK | ||||
r-release-windows-ix86+x86_64 | 0.4.2 | 207.00 | 79.00 | 286.00 | OK | |
r-oldrel-macos-x86_64 | 0.4.2 | OK | ||||
r-oldrel-windows-ix86+x86_64 | 0.4.2 | 182.00 | 71.00 | 253.00 | OK |
Version: 0.4.2
Check: installed package size
Result: NOTE
installed size is 6.0Mb
sub-directories of 1Mb or more:
libs 4.7Mb
Flavor: r-devel-linux-x86_64-fedora-clang