CRAN Package Check Results for Package spfrontier

Last updated on 2019-07-19 19:46:58 CEST.

Flavor Version Tinstall Tcheck Ttotal Status Flags
r-devel-linux-x86_64-debian-clang 0.2.3 11.31 101.94 113.25 NOTE
r-devel-linux-x86_64-debian-gcc 0.2.3 10.27 81.11 91.38 NOTE
r-devel-linux-x86_64-fedora-clang 0.2.3 141.25 NOTE
r-devel-linux-x86_64-fedora-gcc 0.2.3 133.22 NOTE
r-devel-windows-ix86+x86_64 0.2.3 45.00 106.00 151.00 OK
r-patched-linux-x86_64 0.2.3 11.41 100.17 111.58 OK
r-patched-solaris-x86 0.2.3 218.50 OK
r-release-linux-x86_64 0.2.3 10.53 98.90 109.43 OK
r-release-windows-ix86+x86_64 0.2.3 26.00 113.00 139.00 OK
r-release-osx-x86_64 0.2.3 OK
r-oldrel-windows-ix86+x86_64 0.2.3 17.00 165.00 182.00 OK
r-oldrel-osx-x86_64 0.2.3 OK

Check Details

Version: 0.2.3
Check: for non-standard things in the check directory
Result: NOTE
    Found the following files/directories:
     'test10745-270.rData' 'test10745-35.rData' 'test10745-48.rData'
     'test10745-92.rData'
Flavor: r-devel-linux-x86_64-debian-clang

Version: 0.2.3
Check: for non-standard things in the check directory
Result: NOTE
    Found the following files/directories:
     ‘test14822-270.rData’ ‘test14822-35.rData’ ‘test14822-48.rData’
     ‘test14822-92.rData’
Flavor: r-devel-linux-x86_64-debian-gcc

Version: 0.2.3
Check: for non-standard things in the check directory
Result: NOTE
    Found the following files/directories:
     ‘test38721-270.rData’ ‘test38721-35.rData’ ‘test38721-48.rData’
     ‘test38721-92.rData’
Flavor: r-devel-linux-x86_64-fedora-clang

Version: 0.2.3
Check: for non-standard things in the check directory
Result: NOTE
    Found the following files/directories:
     ‘test8580-270.rData’ ‘test8580-35.rData’ ‘test8580-48.rData’
     ‘test8580-92.rData’
Flavor: r-devel-linux-x86_64-fedora-gcc