CRAN Package Check Results for Package spfrontier

Last updated on 2019-10-20 06:47:06 CEST.

Flavor Version Tinstall Tcheck Ttotal Status Flags
r-devel-linux-x86_64-debian-clang 0.2.3 12.17 101.44 113.61 NOTE
r-devel-linux-x86_64-debian-gcc 0.2.3 10.06 78.89 88.95 NOTE
r-devel-linux-x86_64-fedora-clang 0.2.3 136.64 NOTE
r-devel-linux-x86_64-fedora-gcc 0.2.3 134.65 NOTE
r-devel-windows-ix86+x86_64 0.2.3 29.00 161.00 190.00 OK
r-patched-linux-x86_64 0.2.3 10.72 96.84 107.56 OK
r-patched-solaris-x86 0.2.3 218.20 OK
r-release-linux-x86_64 0.2.3 10.97 97.57 108.54 OK
r-release-windows-ix86+x86_64 0.2.3 29.00 177.00 206.00 OK
r-release-osx-x86_64 0.2.3 OK
r-oldrel-windows-ix86+x86_64 0.2.3 14.00 100.00 114.00 OK
r-oldrel-osx-x86_64 0.2.3 OK

Check Details

Version: 0.2.3
Check: for non-standard things in the check directory
Result: NOTE
    Found the following files/directories:
     'test25005-270.rData' 'test25005-35.rData' 'test25005-48.rData'
     'test25005-92.rData'
Flavor: r-devel-linux-x86_64-debian-clang

Version: 0.2.3
Check: for non-standard things in the check directory
Result: NOTE
    Found the following files/directories:
     ‘test13160-270.rData’ ‘test13160-35.rData’ ‘test13160-48.rData’
     ‘test13160-92.rData’
Flavor: r-devel-linux-x86_64-debian-gcc

Version: 0.2.3
Check: for non-standard things in the check directory
Result: NOTE
    Found the following files/directories:
     ‘test41850-270.rData’ ‘test41850-35.rData’ ‘test41850-48.rData’
     ‘test41850-92.rData’
Flavor: r-devel-linux-x86_64-fedora-clang

Version: 0.2.3
Check: for non-standard things in the check directory
Result: NOTE
    Found the following files/directories:
     ‘test30339-270.rData’ ‘test30339-35.rData’ ‘test30339-48.rData’
     ‘test30339-92.rData’
Flavor: r-devel-linux-x86_64-fedora-gcc