CRAN Package Check Results for Package sparseSEM

Last updated on 2020-07-04 19:47:50 CEST.

Flavor Version Tinstall Tcheck Ttotal Status Flags
r-devel-linux-x86_64-debian-clang 2.5 4.77 31.59 36.36 NOTE
r-devel-linux-x86_64-debian-gcc 2.5 4.53 26.22 30.75 NOTE
r-devel-linux-x86_64-fedora-clang 2.5 56.16 NOTE
r-devel-linux-x86_64-fedora-gcc 2.5 48.48 NOTE
r-devel-windows-ix86+x86_64 2.5 14.00 59.00 73.00 NOTE
r-patched-linux-x86_64 2.5 5.09 31.76 36.85 NOTE
r-patched-solaris-x86 2.5 65.40 NOTE
r-release-linux-x86_64 2.5 4.81 31.78 36.59 NOTE
r-release-osx-x86_64 2.5 NOTE
r-release-windows-ix86+x86_64 2.5 14.00 82.00 96.00 NOTE
r-oldrel-osx-x86_64 2.5 NOTE
r-oldrel-windows-ix86+x86_64 2.5 13.00 75.00 88.00 NOTE

Check Details

Version: 2.5
Check: DESCRIPTION meta-information
Result: NOTE
    Malformed Description field: should contain one or more complete sentences.
Flavors: r-devel-linux-x86_64-debian-clang, r-devel-linux-x86_64-debian-gcc, r-devel-linux-x86_64-fedora-clang, r-devel-linux-x86_64-fedora-gcc, r-devel-windows-ix86+x86_64, r-patched-linux-x86_64, r-patched-solaris-x86, r-release-linux-x86_64, r-release-osx-x86_64, r-release-windows-ix86+x86_64, r-oldrel-osx-x86_64, r-oldrel-windows-ix86+x86_64

Version: 2.5
Check: compiled code
Result: NOTE
    File ‘sparseSEM/libs/sparseSEM.so’:
     Found no calls to: ‘R_registerRoutines’, ‘R_useDynamicSymbols’
    
    It is good practice to register native routines and to disable symbol
    search.
    
    See ‘Writing portable packages’ in the ‘Writing R Extensions’ manual.
Flavors: r-devel-linux-x86_64-fedora-clang, r-devel-linux-x86_64-fedora-gcc