CRAN Package Check Results for Package sparseSEM

Last updated on 2019-08-18 07:49:03 CEST.

Flavor Version Tinstall Tcheck Ttotal Status Flags
r-devel-linux-x86_64-debian-clang 2.5 4.91 31.23 36.14 NOTE
r-devel-linux-x86_64-debian-gcc 2.5 4.40 25.26 29.66 NOTE
r-devel-linux-x86_64-fedora-clang 2.5 44.43 NOTE
r-devel-linux-x86_64-fedora-gcc 2.5 44.20 NOTE
r-devel-windows-ix86+x86_64 2.5 18.00 66.00 84.00 NOTE
r-patched-linux-x86_64 2.5 4.64 31.02 35.66 NOTE
r-patched-solaris-x86 2.5 66.20 NOTE
r-release-linux-x86_64 2.5 4.33 31.29 35.62 NOTE
r-release-windows-ix86+x86_64 2.5 13.00 75.00 88.00 NOTE
r-release-osx-x86_64 2.5 NOTE
r-oldrel-windows-ix86+x86_64 2.5 12.00 52.00 64.00 NOTE
r-oldrel-osx-x86_64 2.5 NOTE

Check Details

Version: 2.5
Check: DESCRIPTION meta-information
Result: NOTE
    Malformed Description field: should contain one or more complete sentences.
Flavors: r-devel-linux-x86_64-debian-clang, r-devel-linux-x86_64-debian-gcc, r-devel-linux-x86_64-fedora-clang, r-devel-linux-x86_64-fedora-gcc, r-devel-windows-ix86+x86_64, r-patched-linux-x86_64, r-patched-solaris-x86, r-release-linux-x86_64, r-release-windows-ix86+x86_64, r-release-osx-x86_64, r-oldrel-windows-ix86+x86_64, r-oldrel-osx-x86_64

Version: 2.5
Check: compiled code
Result: NOTE
    File ‘sparseSEM/libs/sparseSEM.so’:
     Found no calls to: ‘R_registerRoutines’, ‘R_useDynamicSymbols’
    
    It is good practice to register native routines and to disable symbol
    search.
    
    See ‘Writing portable packages’ in the ‘Writing R Extensions’ manual.
Flavors: r-devel-linux-x86_64-fedora-clang, r-devel-linux-x86_64-fedora-gcc