CRAN Package Check Results for Package sparseLTSEigen

Last updated on 2019-06-16 07:47:11 CEST.

Flavor Version Tinstall Tcheck Ttotal Status Flags
r-devel-linux-x86_64-debian-clang 0.2.0 69.97 68.67 138.64 NOTE
r-devel-linux-x86_64-debian-gcc 0.2.0 57.85 51.35 109.20 NOTE
r-devel-linux-x86_64-fedora-clang 0.2.0 191.91 NOTE
r-devel-linux-x86_64-fedora-gcc 0.2.0 183.27 NOTE
r-devel-windows-ix86+x86_64 0.2.0 169.00 110.00 279.00 NOTE
r-patched-linux-x86_64 0.2.0 67.37 66.47 133.84 NOTE
r-patched-solaris-x86 0.2.0 216.90 NOTE
r-release-linux-x86_64 0.2.0 65.61 69.43 135.04 NOTE
r-release-windows-ix86+x86_64 0.2.0 127.00 169.00 296.00 NOTE
r-release-osx-x86_64 0.2.0 NOTE
r-oldrel-windows-ix86+x86_64 0.2.0 112.00 141.00 253.00 OK
r-oldrel-osx-x86_64 0.2.0 NOTE

Check Details

Version: 0.2.0
Check: line endings in C/C++/Fortran sources/headers
Result: NOTE
    Found the following sources/headers with CR or CRLF line endings:
     inst/include/MatrixAddons.h
     inst/include/sparseLTSEigen.h
    Some Unix compilers require LF line endings.
Flavors: r-devel-linux-x86_64-debian-clang, r-devel-linux-x86_64-debian-gcc, r-devel-linux-x86_64-fedora-clang, r-devel-linux-x86_64-fedora-gcc, r-devel-windows-ix86+x86_64, r-patched-linux-x86_64, r-patched-solaris-x86, r-release-linux-x86_64, r-release-windows-ix86+x86_64, r-release-osx-x86_64

Version: 0.2.0
Check: installed package size
Result: NOTE
     installed size is 16.2Mb
     sub-directories of 1Mb or more:
     libs 16.1Mb
Flavors: r-devel-linux-x86_64-fedora-clang, r-release-osx-x86_64, r-oldrel-osx-x86_64

Version: 0.2.0
Check: compiled code
Result: NOTE
    File ‘sparseLTSEigen/libs/sparseLTSEigen.so’:
     Found no calls to: ‘R_registerRoutines’, ‘R_useDynamicSymbols’
    
    It is good practice to register native routines and to disable symbol
    search.
    
    See ‘Writing portable packages’ in the ‘Writing R Extensions’ manual.
Flavors: r-devel-linux-x86_64-fedora-clang, r-devel-linux-x86_64-fedora-gcc