CRAN Package Check Results for Package spFSR

Last updated on 2019-06-17 19:47:24 CEST.

Flavor Version Tinstall Tcheck Ttotal Status Flags
r-devel-linux-x86_64-debian-clang 1.0.0 7.65 88.30 95.95 OK
r-devel-linux-x86_64-debian-gcc 1.0.0 6.64 69.54 76.18 OK
r-devel-linux-x86_64-fedora-clang 1.0.0 115.08 NOTE
r-devel-linux-x86_64-fedora-gcc 1.0.0 113.43 NOTE
r-devel-windows-ix86+x86_64 1.0.0 29.00 170.00 199.00 OK
r-patched-linux-x86_64 1.0.0 9.63 87.02 96.65 OK
r-patched-solaris-x86 1.0.0 274.00 NOTE
r-release-linux-x86_64 1.0.0 9.16 87.59 96.75 OK
r-release-windows-ix86+x86_64 1.0.0 21.00 174.00 195.00 OK
r-release-osx-x86_64 1.0.0 NOTE
r-oldrel-windows-ix86+x86_64 1.0.0 11.00 172.00 183.00 OK
r-oldrel-osx-x86_64 1.0.0 NOTE

Check Details

Version: 1.0.0
Check: dependencies in R code
Result: NOTE
    Namespaces in Imports field not imported from:
     ‘class’ ‘mlbench’
     All declared Imports should be used.
Flavors: r-devel-linux-x86_64-fedora-clang, r-devel-linux-x86_64-fedora-gcc, r-patched-solaris-x86, r-release-osx-x86_64, r-oldrel-osx-x86_64