CRAN Package Check Results for Package spBayesSurv

Last updated on 2019-09-24 07:48:47 CEST.

Flavor Version Tinstall Tcheck Ttotal Status Flags
r-devel-linux-x86_64-debian-clang 1.1.3 404.42 85.83 490.25 OK
r-devel-linux-x86_64-debian-gcc 1.1.3 364.65 65.90 430.55 OK
r-devel-linux-x86_64-fedora-clang 1.1.3 825.03 NOTE
r-devel-linux-x86_64-fedora-gcc 1.1.3 779.77 NOTE
r-devel-windows-ix86+x86_64 1.1.3 920.00 173.00 1093.00 NOTE
r-patched-linux-x86_64 1.1.3 368.46 85.54 454.00 OK
r-patched-solaris-x86 1.1.3 599.20 NOTE
r-release-linux-x86_64 1.1.3 365.03 85.07 450.10 OK
r-release-windows-ix86+x86_64 1.1.3 911.00 206.00 1117.00 NOTE
r-release-osx-x86_64 1.1.3 NOTE
r-oldrel-windows-ix86+x86_64 1.1.3 706.00 161.00 867.00 NOTE
r-oldrel-osx-x86_64 1.1.3 NOTE

Check Details

Version: 1.1.3
Check: installed package size
Result: NOTE
     installed size is 31.5Mb
     sub-directories of 1Mb or more:
     libs 29.6Mb
Flavors: r-devel-linux-x86_64-fedora-clang, r-devel-windows-ix86+x86_64, r-release-windows-ix86+x86_64, r-release-osx-x86_64, r-oldrel-windows-ix86+x86_64, r-oldrel-osx-x86_64

Version: 1.1.3
Check: dependencies in R code
Result: NOTE
    Namespace in Imports field not imported from: ‘MASS’
     All declared Imports should be used.
Flavors: r-devel-linux-x86_64-fedora-clang, r-devel-linux-x86_64-fedora-gcc, r-patched-solaris-x86, r-release-osx-x86_64, r-oldrel-osx-x86_64