CRAN Package Check Results for Package spBayesSurv

Last updated on 2019-06-26 07:49:31 CEST.

Flavor Version Tinstall Tcheck Ttotal Status Flags
r-devel-linux-x86_64-debian-clang 1.1.3 398.39 88.80 487.19 OK
r-devel-linux-x86_64-debian-gcc 1.1.3 334.81 68.61 403.42 OK
r-devel-linux-x86_64-fedora-clang 1.1.3 786.41 NOTE
r-devel-linux-x86_64-fedora-gcc 1.1.3 700.42 NOTE
r-devel-windows-ix86+x86_64 1.1.3 938.00 169.00 1107.00 NOTE
r-patched-linux-x86_64 1.1.3 372.34 88.07 460.41 OK
r-patched-solaris-x86 1.1.3 602.90 NOTE
r-release-linux-x86_64 1.1.3 375.60 88.35 463.95 OK
r-release-windows-ix86+x86_64 1.1.3 732.00 193.00 925.00 NOTE
r-release-osx-x86_64 1.1.3 NOTE
r-oldrel-windows-ix86+x86_64 1.1.3 641.00 152.00 793.00 NOTE
r-oldrel-osx-x86_64 1.1.3 NOTE

Check Details

Version: 1.1.3
Check: installed package size
Result: NOTE
     installed size is 27.9Mb
     sub-directories of 1Mb or more:
     libs 26.1Mb
Flavors: r-devel-linux-x86_64-fedora-clang, r-devel-windows-ix86+x86_64, r-release-windows-ix86+x86_64, r-release-osx-x86_64, r-oldrel-windows-ix86+x86_64, r-oldrel-osx-x86_64

Version: 1.1.3
Check: dependencies in R code
Result: NOTE
    Namespace in Imports field not imported from: ‘MASS’
     All declared Imports should be used.
Flavors: r-devel-linux-x86_64-fedora-clang, r-devel-linux-x86_64-fedora-gcc, r-patched-solaris-x86, r-release-osx-x86_64, r-oldrel-osx-x86_64