CRAN Package Check Results for Package sorvi

Last updated on 2025-01-15 19:49:40 CET.

Flavor Version Tinstall Tcheck Ttotal Status Flags
r-devel-linux-x86_64-debian-clang 0.8.21 8.88 86.46 95.34 NOTE
r-devel-linux-x86_64-debian-gcc 0.8.21 6.24 61.30 67.54 NOTE
r-devel-linux-x86_64-fedora-clang 0.8.21 151.22 NOTE
r-devel-linux-x86_64-fedora-gcc 0.8.21 156.33 NOTE
r-devel-windows-x86_64 0.8.21 12.00 90.00 102.00 NOTE
r-patched-linux-x86_64 0.8.21 8.34 79.90 88.24 NOTE
r-release-linux-x86_64 0.8.21 7.23 79.11 86.34 NOTE
r-release-macos-arm64 0.8.21 45.00 NOTE
r-release-macos-x86_64 0.8.21 69.00 NOTE
r-release-windows-x86_64 0.8.21 11.00 92.00 103.00 NOTE
r-oldrel-macos-arm64 0.8.21 50.00 OK
r-oldrel-macos-x86_64 0.8.21 111.00 OK
r-oldrel-windows-x86_64 0.8.21 12.00 106.00 118.00 OK

Check Details

Version: 0.8.21
Check: Rd files
Result: NOTE checkRd: (-1) load_sorvi_data.Rd:23: Lost braces in \itemize; meant \describe ? Flavors: r-devel-linux-x86_64-debian-clang, r-devel-linux-x86_64-debian-gcc, r-devel-linux-x86_64-fedora-clang, r-devel-linux-x86_64-fedora-gcc, r-devel-windows-x86_64, r-patched-linux-x86_64, r-release-linux-x86_64, r-release-macos-arm64, r-release-macos-x86_64, r-release-windows-x86_64