CRAN Package Check Results for Package snipEM

Last updated on 2019-08-18 07:49:03 CEST.

Flavor Version Tinstall Tcheck Ttotal Status Flags
r-devel-linux-x86_64-debian-clang 1.0.1 28.37 56.52 84.89 OK
r-devel-linux-x86_64-debian-gcc 1.0.1 21.51 40.13 61.64 OK
r-devel-linux-x86_64-fedora-clang 1.0.1 114.97 NOTE
r-devel-linux-x86_64-fedora-gcc 1.0.1 110.67 NOTE
r-devel-windows-ix86+x86_64 1.0.1 82.00 118.00 200.00 OK
r-patched-linux-x86_64 1.0.1 24.61 56.44 81.05 OK
r-patched-solaris-x86 1.0.1 124.20 OK
r-release-linux-x86_64 1.0.1 24.55 55.60 80.15 OK
r-release-windows-ix86+x86_64 1.0.1 51.00 103.00 154.00 OK
r-release-osx-x86_64 1.0.1 OK
r-oldrel-windows-ix86+x86_64 1.0.1 74.00 126.00 200.00 OK
r-oldrel-osx-x86_64 1.0.1 OK

Check Details

Version: 1.0.1
Check: compiled code
Result: NOTE
    File ‘snipEM/libs/snipEM.so’:
     Found no calls to: ‘R_registerRoutines’, ‘R_useDynamicSymbols’
    
    It is good practice to register native routines and to disable symbol
    search.
    
    See ‘Writing portable packages’ in the ‘Writing R Extensions’ manual.
Flavors: r-devel-linux-x86_64-fedora-clang, r-devel-linux-x86_64-fedora-gcc