CRAN Package Check Results for Package snipEM

Last updated on 2019-06-16 07:47:11 CEST.

Flavor Version Tinstall Tcheck Ttotal Status Flags
r-devel-linux-x86_64-debian-clang 1.0.1 28.40 56.87 85.27 OK
r-devel-linux-x86_64-debian-gcc 1.0.1 20.78 40.51 61.29 OK
r-devel-linux-x86_64-fedora-clang 1.0.1 113.33 NOTE
r-devel-linux-x86_64-fedora-gcc 1.0.1 106.52 NOTE
r-devel-windows-ix86+x86_64 1.0.1 78.00 112.00 190.00 OK
r-patched-linux-x86_64 1.0.1 25.24 55.56 80.80 OK
r-patched-solaris-x86 1.0.1 124.10 OK
r-release-linux-x86_64 1.0.1 23.90 56.19 80.09 OK
r-release-windows-ix86+x86_64 1.0.1 59.00 146.00 205.00 OK
r-release-osx-x86_64 1.0.1 OK
r-oldrel-windows-ix86+x86_64 1.0.1 52.00 126.00 178.00 OK
r-oldrel-osx-x86_64 1.0.1 OK

Check Details

Version: 1.0.1
Check: compiled code
Result: NOTE
    File ‘snipEM/libs/snipEM.so’:
     Found no calls to: ‘R_registerRoutines’, ‘R_useDynamicSymbols’
    
    It is good practice to register native routines and to disable symbol
    search.
    
    See ‘Writing portable packages’ in the ‘Writing R Extensions’ manual.
Flavors: r-devel-linux-x86_64-fedora-clang, r-devel-linux-x86_64-fedora-gcc