CRAN Package Check Results for Package snipEM

Last updated on 2020-07-04 19:47:49 CEST.

Flavor Version Tinstall Tcheck Ttotal Status Flags
r-devel-linux-x86_64-debian-clang 1.0.1 34.45 62.69 97.14 OK
r-devel-linux-x86_64-debian-gcc 1.0.1 26.96 45.57 72.53 OK
r-devel-linux-x86_64-fedora-clang 1.0.1 136.26 NOTE
r-devel-linux-x86_64-fedora-gcc 1.0.1 124.52 NOTE
r-devel-windows-ix86+x86_64 1.0.1 92.00 110.00 202.00 OK
r-patched-linux-x86_64 1.0.1 30.86 65.44 96.30 OK
r-patched-solaris-x86 1.0.1 132.40 OK
r-release-linux-x86_64 1.0.1 31.08 64.55 95.63 OK
r-release-osx-x86_64 1.0.1 OK
r-release-windows-ix86+x86_64 1.0.1 70.00 109.00 179.00 OK
r-oldrel-osx-x86_64 1.0.1 OK
r-oldrel-windows-ix86+x86_64 1.0.1 76.00 139.00 215.00 OK

Check Details

Version: 1.0.1
Check: compiled code
Result: NOTE
    File ‘snipEM/libs/snipEM.so’:
     Found no calls to: ‘R_registerRoutines’, ‘R_useDynamicSymbols’
    
    It is good practice to register native routines and to disable symbol
    search.
    
    See ‘Writing portable packages’ in the ‘Writing R Extensions’ manual.
Flavors: r-devel-linux-x86_64-fedora-clang, r-devel-linux-x86_64-fedora-gcc