CRAN Package Check Results for Package smpic

Last updated on 2019-06-17 07:49:11 CEST.

Flavor Version Tinstall Tcheck Ttotal Status Flags
r-devel-linux-x86_64-debian-clang 0.1.0 1.69 31.79 33.48 NOTE
r-devel-linux-x86_64-debian-gcc 0.1.0 1.41 25.08 26.49 NOTE
r-devel-linux-x86_64-fedora-clang 0.1.0 43.28 NOTE
r-devel-linux-x86_64-fedora-gcc 0.1.0 41.39 NOTE
r-devel-windows-ix86+x86_64 0.1.0 8.00 62.00 70.00 OK
r-patched-linux-x86_64 0.1.0 1.53 31.38 32.91 OK
r-patched-solaris-x86 0.1.0 73.30 OK
r-release-linux-x86_64 0.1.0 1.59 31.64 33.23 OK
r-release-windows-ix86+x86_64 0.1.0 5.00 64.00 69.00 OK
r-release-osx-x86_64 0.1.0 OK
r-oldrel-windows-ix86+x86_64 0.1.0 3.00 63.00 66.00 OK
r-oldrel-osx-x86_64 0.1.0 OK

Check Details

Version: 0.1.0
Check: for non-standard things in the check directory
Result: NOTE
    Found the following files/directories:
     'my_new_social_media_plot.png'
Flavors: r-devel-linux-x86_64-debian-clang, r-devel-linux-x86_64-debian-gcc, r-devel-linux-x86_64-fedora-clang, r-devel-linux-x86_64-fedora-gcc