CRAN Package Check Results for Package smpic

Last updated on 2020-07-04 19:47:49 CEST.

Flavor Version Tinstall Tcheck Ttotal Status Flags
r-devel-linux-x86_64-debian-clang 0.1.0 2.18 35.88 38.06 NOTE
r-devel-linux-x86_64-debian-gcc 0.1.0 1.68 27.70 29.38 NOTE
r-devel-linux-x86_64-fedora-clang 0.1.0 55.50 NOTE
r-devel-linux-x86_64-fedora-gcc 0.1.0 48.92 NOTE
r-devel-windows-ix86+x86_64 0.1.0 10.00 48.00 58.00 OK
r-patched-linux-x86_64 0.1.0 2.16 34.60 36.76 NOTE
r-patched-solaris-x86 0.1.0 77.70 NOTE
r-release-linux-x86_64 0.1.0 2.04 34.99 37.03 NOTE
r-release-osx-x86_64 0.1.0 OK
r-release-windows-ix86+x86_64 0.1.0 7.00 43.00 50.00 OK
r-oldrel-osx-x86_64 0.1.0 OK
r-oldrel-windows-ix86+x86_64 0.1.0 13.00 65.00 78.00 OK

Check Details

Version: 0.1.0
Check: for non-standard things in the check directory
Result: NOTE
    Found the following files/directories:
     'my_new_social_media_plot.png'
Flavors: r-devel-linux-x86_64-debian-clang, r-devel-linux-x86_64-debian-gcc, r-devel-linux-x86_64-fedora-clang, r-devel-linux-x86_64-fedora-gcc, r-patched-linux-x86_64, r-patched-solaris-x86, r-release-linux-x86_64