CRAN Package Check Results for Package smpic

Last updated on 2019-08-18 07:49:03 CEST.

Flavor Version Tinstall Tcheck Ttotal Status Flags
r-devel-linux-x86_64-debian-clang 0.1.0 2.01 31.82 33.83 NOTE
r-devel-linux-x86_64-debian-gcc 0.1.0 1.73 25.43 27.16 NOTE
r-devel-linux-x86_64-fedora-clang 0.1.0 44.17 NOTE
r-devel-linux-x86_64-fedora-gcc 0.1.0 41.18 NOTE
r-devel-windows-ix86+x86_64 0.1.0 7.00 49.00 56.00 OK
r-patched-linux-x86_64 0.1.0 1.31 31.59 32.90 OK
r-patched-solaris-x86 0.1.0 75.00 OK
r-release-linux-x86_64 0.1.0 1.56 31.25 32.81 OK
r-release-windows-ix86+x86_64 0.1.0 5.00 45.00 50.00 OK
r-release-osx-x86_64 0.1.0 OK
r-oldrel-windows-ix86+x86_64 0.1.0 4.00 59.00 63.00 OK
r-oldrel-osx-x86_64 0.1.0 OK

Check Details

Version: 0.1.0
Check: for non-standard things in the check directory
Result: NOTE
    Found the following files/directories:
     'my_new_social_media_plot.png'
Flavors: r-devel-linux-x86_64-debian-clang, r-devel-linux-x86_64-debian-gcc, r-devel-linux-x86_64-fedora-clang, r-devel-linux-x86_64-fedora-gcc