CRAN Package Check Results for Package smam

Last updated on 2019-09-22 19:51:32 CEST.

Flavor Version Tinstall Tcheck Ttotal Status Flags
r-devel-linux-x86_64-debian-clang 0.4.0 39.62 39.21 78.83 NOTE
r-devel-linux-x86_64-debian-gcc 0.4.0 34.43 31.69 66.12 NOTE
r-devel-linux-x86_64-fedora-clang 0.4.0 130.13 NOTE
r-devel-linux-x86_64-fedora-gcc 0.4.0 121.55 NOTE
r-devel-windows-ix86+x86_64 0.4.0 128.00 74.00 202.00 NOTE
r-patched-linux-x86_64 0.4.0 36.05 38.96 75.01 NOTE
r-patched-solaris-x86 0.4.0 128.10 NOTE
r-release-linux-x86_64 0.4.0 35.96 39.69 75.65 NOTE
r-release-windows-ix86+x86_64 0.4.0 122.00 108.00 230.00 NOTE
r-release-osx-x86_64 0.4.0 NOTE
r-oldrel-windows-ix86+x86_64 0.4.0 84.00 73.00 157.00 NOTE
r-oldrel-osx-x86_64 0.4.0 NOTE

Check Details

Version: 0.4.0
Check: for GNU extensions in Makefiles
Result: NOTE
    GNU make is a SystemRequirements.
Flavors: r-devel-linux-x86_64-debian-clang, r-devel-linux-x86_64-debian-gcc, r-devel-linux-x86_64-fedora-clang, r-devel-linux-x86_64-fedora-gcc, r-devel-windows-ix86+x86_64, r-patched-linux-x86_64, r-patched-solaris-x86, r-release-linux-x86_64, r-release-windows-ix86+x86_64, r-release-osx-x86_64, r-oldrel-windows-ix86+x86_64, r-oldrel-osx-x86_64